{"id":816,"date":"2020-08-17T04:41:04","date_gmt":"2020-08-17T04:41:04","guid":{"rendered":"http:\/\/vphcheck.com\/?post_type=product&#038;p=816"},"modified":"2025-04-26T01:23:46","modified_gmt":"2025-04-26T01:23:46","slug":"tra-linh-chi-hoang-hai","status":"publish","type":"product","link":"https:\/\/vphcheck.com\/index.php\/san-pham\/tra-linh-chi-hoang-hai\/","title":{"rendered":"Tr\u00e0 Linh Chi Ho\u00e0ng H\u1ea3i"},"content":{"rendered":"<p style=\"text-align: center;\"><img loading=\"lazy\" decoding=\"async\" class=\"alignnone wp-image-827\" src=\"http:\/\/vphcheck.com\/wp-content\/uploads\/2020\/08\/z2078656504499_81eb7c8ff7c3dd021c20c39f0ec2069b-1024x761.jpg\" alt=\"\" width=\"327\" height=\"243\" srcset=\"https:\/\/vphcheck.com\/wp-content\/uploads\/2020\/08\/z2078656504499_81eb7c8ff7c3dd021c20c39f0ec2069b-1024x761.jpg 1024w, https:\/\/vphcheck.com\/wp-content\/uploads\/2020\/08\/z2078656504499_81eb7c8ff7c3dd021c20c39f0ec2069b-300x223.jpg 300w, https:\/\/vphcheck.com\/wp-content\/uploads\/2020\/08\/z2078656504499_81eb7c8ff7c3dd021c20c39f0ec2069b-768x571.jpg 768w, https:\/\/vphcheck.com\/wp-content\/uploads\/2020\/08\/z2078656504499_81eb7c8ff7c3dd021c20c39f0ec2069b.jpg 1169w\" sizes=\"(max-width: 327px) 100vw, 327px\" \/><\/p>\n<table class=\"w3-table-all\">\n<thead>\n<tr class=\"w3-blue\">\n<th colspan=\"2\">Th\u00f4ng tin s\u1ea3n ph\u1ea9m<\/th>\n<\/tr>\n<\/thead>\n<tbody>\n<tr>\n<td width=\"122\">T\u00ean s\u1ea3n ph\u1ea9m<\/td>\n<td width=\"228\">Tr\u00e0 linh chi Ho\u00e0ng H\u1ea3i<\/td>\n<\/tr>\n<tr>\n<td width=\"122\">Th\u00e0nh ph\u1ea7n<\/td>\n<td width=\"228\">N\u1ea5m nguy\u00ean tai, nguy\u00ean b\u00e0o t\u1eed<\/td>\n<\/tr>\n<tr>\n<td>Ch\u1ee9ng nh\u1eadn \u0110KKD:<\/td>\n<td><strong>3307M00031<\/strong><\/td>\n<\/tr>\n<tr>\n<td>Ng\u00e0y \u0111\u00f3ng g\u00f3i:<\/td>\n<td>Xem tr\u00ean bao b\u00ec<\/td>\n<\/tr>\n<tr>\n<td>Th\u1eddi h\u1ea1n s\u1eed d\u1ee5ng<\/td>\n<td>2 n\u0103m k\u1ec3 t\u1eeb NSX<\/td>\n<\/tr>\n<tr>\n<td>Tr\u1ecdng l\u01b0\u1ee3ng<\/td>\n<td>30 g\u00f3i x2gram<\/td>\n<\/tr>\n<tr>\n<th class=\"w3-blue\" colspan=\"2\">Th\u00f4ng tin \u0111\u01a1n v\u1ecb \/ nh\u00e0 s\u1ea3n xu\u1ea5t<\/th>\n<\/tr>\n<tr>\n<td>T\u00ean \u0111\u01a1n v\u1ecb:<\/td>\n<td width=\"228\"><strong>H\u1ee2P T\u00c1C X\u00c3 N\u00d4NG NGHI\u1ec6P HO\u00c0NG H\u1ea2I TAM QUANG<\/strong><\/td>\n<\/tr>\n<tr>\n<td>Qu\u1ed1c gia:<\/td>\n<td>Vi\u1ec7t Nam<\/td>\n<\/tr>\n<tr>\n<td>T\u1ec9nh \/th\u00e0nh :<\/td>\n<td>Qu\u1ea3ng Nam<\/td>\n<\/tr>\n<tr>\n<td>\u0110\u1ecba ch\u1ec9 li\u00ean l\u1ea1c:<\/td>\n<td>Th\u00f4n Thanh Long, x\u00e3 Tam Quang, huy\u1ec7n N\u00fai Th\u00e0nh, T\u1ec9nh Qu\u1ea3ng Nam<\/td>\n<\/tr>\n<tr>\n<td>Email<\/td>\n<td>vunt.hoanghai@gmail.com<\/td>\n<\/tr>\n<tr>\n<td>Di \u0111\u1ed9ng:<\/td>\n<td><strong>0915100233<\/strong><\/td>\n<\/tr>\n<tr>\n<td>Website:<\/td>\n<td>htxhoanghai.com<\/td>\n<\/tr>\n<\/tbody>\n<\/table>\n<blockquote>\n<h4 style=\"text-align: center;\"><span style=\"color: #ff0000;\"><strong>C\u00d4NG D\u1ee4NG<\/strong><\/span><\/h4>\n<ol>\n<li style=\"font-weight: 400;\">T\u0103ng kh\u1ea3 n\u0103ng mi\u1ec5n d\u1ecbch c\u1ee7a c\u01a1 th\u1ec3, c\u00f3 th\u1ec3 ph\u00f2ng ch\u1eefa tr\u1ecb nhi\u1ec1u b\u1ec7nh do kh\u1ea3 n\u0103ng mi\u1ec5n d\u1ecbch b\u1ecb gi\u1ea3m g\u00e2y n\u00ean nh\u01b0 b\u1ec7nh ph\u00f9 th\u1ee7ng, vi\u00eam gan,v.v&#8230;.<\/li>\n<li style=\"font-weight: 400;\">T\u0103ng kh\u1ea3 n\u0103ng cung c\u1ea5p oxy cho m\u00e1u, c\u00e1c ch\u1ee9ng b\u1ec7nh thi\u1ebfu oxy \u1edf ng\u01b0\u1eddi gi\u00e0 y\u1ebfu, b\u1ec7nh t\u1ee9c ng\u1ef1c, \u0111au \u0111\u1ea7u, th\u1ea7n kinh,v.v&#8230;<\/li>\n<li style=\"font-weight: 400;\">C\u00f3 t\u00e1c d\u1ee5ng an th\u1ea7n, tr\u1ecb b\u1ec7nh th\u1ea7n kinh suy nh\u01b0\u1ee3c, m\u1eaft k\u00e9m, th\u1ea5y chi\u00eam bao.<\/li>\n<li style=\"font-weight: 400;\">\u0110i\u1ec1u ti\u1ebft kh\u1ea3 n\u0103ng mi\u1ec5n d\u1ecbch, l\u00e0m cho th\u1edf \u0111\u1ec1u, gi\u1ea3m ho, ch\u1eefa vi\u00eam th\u1eadn, hen.<\/li>\n<li style=\"font-weight: 400;\">B\u00e0i ti\u1ebft c\u00e1c ch\u1ea5t \u0111\u1ed9c trong c\u01a1 th\u1ec3, da d\u1ebb \u0111\u1eb9p, c\u00f3 t\u00e1c d\u1ee5ng lo\u1ea1i b\u1ecf c\u00e1c s\u1eafc t\u1ed1 l\u1ea1 tr\u00ean da,\u0111\u1ed3ng th\u1eddi gi\u00fap cho vi\u1ec7c th\u00fac \u0111\u1ea9y qu\u00e1 tr\u00ecnh h\u00ecnh th\u00e0nh Protein, DNA, RNA, k\u00e9o d\u00e0i tu\u1ed5i th\u1ecd.<\/li>\n<li style=\"font-weight: 400;\">Gi\u1ea3m \u0111\u01b0\u1eddng trong m\u00e1u, trong n\u01b0\u1edbc gi\u1ea3i, gi\u1ea3m m\u1ee1, l\u00e0m gi\u00e3n \u0111\u1ed9ng m\u1ea1ch, t\u0103ng l\u01b0\u1ee3ng m\u00e1u tu\u1ea7n ho\u00e0n, ch\u1eefa c\u00e1c b\u1ec7nh v\u1ec1 m\u1ee1 trong m\u00e1u, co th\u1eaft tim.<\/li>\n<\/ol>\n<ul>\n<li style=\"font-weight: 400;\">Linh chi c\u00f2n c\u00f3 hi\u1ec7u qu\u1ea3 r\u00f5 r\u1ec7t \u0111\u1ed1i v\u1edbi c\u00e1c b\u1ec7nh nh\u01b0: tr\u00e0n m\u00e1u m\u1ee1, tim, cao huy\u1ebft \u00e1p, huy\u1ebft \u00e1p th\u1ea5p, bi\u1ebfn ch\u1ee9ng sau khi tr\u00e0n d\u1ecbch n\u00e3o, vi\u00eam ph\u1ebf qu\u1ea3n m\u00e3n, \u0111au th\u1eaft c\u01a1 tim, \u0111au d\u1ea1 d\u00e0y, \u0103n k\u00e9m, gi\u1ea3m b\u1ea1ch c\u1ea7u, tim \u0111\u1eadp m\u1ea1nh (nh\u1ecbp tim cao), ch\u00e2n tay l\u1ea1nh, \u0111\u1ed5 m\u1ed3 h\u00f4i, ti\u1ec1n li\u1ec7t tuy\u1ebfn, t\u00e1o b\u00f3n, b\u1ec7nh tr\u0129, ngh\u1ebdn m\u1ea1ch m\u00e1u, \u0111\u00e1i ra m\u00e1u,v.v&#8230;.<\/li>\n<\/ul>\n<h3 style=\"text-align: center;\"><span style=\"color: #ff0000;\"><strong><em>C\u00e2u chuy<\/em><\/strong><strong><em>\u1ec7<\/em><\/strong><strong><em>n s<\/em><\/strong><strong><em>\u1ea3<\/em><\/strong><strong><em>n ph<\/em><\/strong><strong><em>\u1ea9<\/em><\/strong><strong><em>m<\/em><\/strong><\/span><\/h3>\n<p>&nbsp;&nbsp;&nbsp;&nbsp;&nbsp;\u1ede Vi\u1ec7t Nam, vi\u1ec7c u\u1ed1ng tr\u00e0 \u0111\u01b0\u1ee3c coi nh\u01b0 l\u00e0 m\u1ed9t ngh\u1ec7 thu\u1eadt, m\u00e0 nh\u1eefng d\u00e2n t\u1ed9c t\u1ef1 h\u00e0o c\u00f3 tr\u00e0 \u0111\u1ea1o t\u1eeb l\u00e2u \u0111\u1eddi c\u0169ng ph\u1ea3i suy ng\u1eabm, b\u1edfi c\u00e1i c\u1ed1t l\u00f5i kh\u00f4ng ph\u1ea3i l\u00e0 nghi th\u1ee9c, m\u00e0 l\u00e0 s\u1ef1 c\u1ea3m nh\u1eadn tinh t\u1ebf, vi di\u1ec7u b\u1eb1ng t\u1ea5t c\u1ea3 c\u00e1c gi\u00e1c quan, c\u1ea3m nh\u1eadn \u0111\u01b0\u1ee3c tinh t\u00fay c\u1ee7a \u0111\u1ea5t tr\u1eddi. C\u00e1c c\u1ee5 x\u01b0a u\u1ed1ng tr\u00e0 kh\u00f4ng ch\u1ec9 \u0111\u1ec3 th\u01b0\u1edfng th\u1ee9c h\u01b0\u01a1ng v\u1ecb th\u01a1m ngon k\u1ef3 th\u00fa, m\u00e0 b\u00ean \u1ea5m tr\u00e0 ng\u01b0\u1eddi ta c\u00f2n t\u00ecm m\u1ed1i tri k\u1ef7 tri \u00e2m, lu\u1eadn b\u00e0n th\u1ebf s\u1ef1, gi\u1ea3i b\u00e0y nh\u1eefng quan \u0111i\u1ec3m v\u1ec1 m\u1ecdi m\u1eb7t c\u1ee7a \u0111\u1eddi s\u1ed1ng x\u00e3 h\u1ed9i&#8230;<BR><\/p>\n<p>&nbsp;&nbsp;&nbsp;&nbsp;&nbsp;U\u1ed1ng tr\u00e0 l\u00e0 m\u1ed9t th\u00fa vui phong l\u01b0u, tao nh\u00e3, l\u00e0 m\u1ed9t c\u00e1ch b\u1ed3i b\u1ed5, di d\u01b0\u1ee1ng tinh th\u1ea7n. M\u1ed9t ch\u00e9n tr\u00e0 m\u00e0 ch\u1ee9a \u0111\u1ef1ng bao \u0111i\u1ec1u s\u00e2u xa. \u0110\u00fang nh\u01b0 c\u1ee5 Nguy\u1ec5n Tu\u00e2n \u0111\u00e3 t\u1eebng nh\u1eadn x\u00e9t: \u201cTrong m\u1ed9t \u1ea5m tr\u00e0 ngon, ng\u01b0\u1eddi ta th\u1ea5y c\u00f3 m\u1ed9t m\u00f9i th\u01a1 v\u00e0 m\u1ed9t v\u1ecb tri\u1ebft l\u00fd\u201d. B\u00ean \u1ea5m tr\u00e0 ng\u01b0\u1eddi ta th\u1ea5y to\u00e1t l\u00ean c\u00e1i tinh th\u1ea7n. \u201cV\u1eadn bi\u1ebfn nh\u01b0 l\u00f4i, nh\u1ea5t t\u00e2m thi\u1ec1n \u0111\u1ecbnh\u201d \u2013 t\u1ee9c l\u1ea5y c\u00e1i trong s\u00e1ng t\u0129nh l\u1eb7ng c\u1ee7a c\u00f5i l\u00f2ng \u0111\u1ec3 ch\u1ebf ng\u1ef1 c\u00e1i v\u1ea1n bi\u1ebfn c\u1ee7a \u0111\u1ea5t tr\u1eddi, l\u1ea5y c\u00e1i thanh cao \u0111\u1ec3 v\u1ee3t l\u00ean c\u00e1i t\u1ee5c c\u1ee7a \u0111\u1eddi th\u01b0\u1eddng. U\u1ed1ng tr\u00e0 m\u00e0 nh\u01b0 th\u1ebf qu\u1ea3 l\u00e0 ti\u00ean tr\u00e0 v\u1eady!<BR><\/p>\n<p>&nbsp;&nbsp;&nbsp;&nbsp;&nbsp;\u201cTr\u00e0 ngon ph\u1ea3i c\u00f3 b\u1ea1n hi\u1ec1n\u201d c\u00f3 kh\u00e1c n\u00e0o B\u00e1 Nha ph\u1ea3i c\u00f3 Chung T\u1eed K\u1ef3, Nh\u01b0ng u\u1ed1ng l\u00fac n\u00e0o, \u0111\u1ebfn \u0111\u00e2u l\u00e0 v\u1eeba v\u00e0 nh\u01b0 th\u1ebf n\u00e0o l\u00e0 ph\u1ea3i ph\u00e9p. T\u1ed5 ti\u00ean ta \u0111\u00e3 \u0111\u00fac k\u1ebft: \u201c Tr\u00e0 tam r\u01b0\u1ee3u t\u1ee9\u201d<BR><\/p>\n<p>&nbsp;&nbsp;&nbsp;&nbsp;&nbsp;&nbsp;&nbsp;&nbsp;&nbsp;&nbsp;\u201cB\u00e1n d\u1ea1 tam b\u00f4i t\u1eedu<BR><br \/>\n&nbsp;&nbsp;&nbsp;&nbsp;&nbsp;&nbsp;&nbsp;&nbsp;&nbsp;&nbsp;B\u00ecnh minh nh\u1ea5t t\u1ea3n tr\u00e0<BR><br \/>\n&nbsp;&nbsp;&nbsp;&nbsp;&nbsp;&nbsp;&nbsp;&nbsp;&nbsp;&nbsp;Nh\u1ea5t nh\u1eadt c\u1ee9 nh\u01b0 th\u1eed<BR><br \/>\n&nbsp;&nbsp;&nbsp;&nbsp;&nbsp;&nbsp;&nbsp;&nbsp;&nbsp;&nbsp;L\u01b0\u01a1ng y b\u1ea5t \u0111\u00e1o gia\u201d.<BR><\/p>\n<p>&nbsp;&nbsp;&nbsp;&nbsp;&nbsp;Ng\u00e0y nay cu\u1ed9c s\u1ed1ng \u0111\u1eddi th\u01b0\u1eddng b\u1ec1 b\u1ed9n, v\u1edbi l\u1ed1i s\u1ed1ng hi\u1ec7n \u0111\u1ea1i con ng\u01b0\u1eddi s\u1ed1ng t\u1ea5t b\u1eadt, kh\u00f4ng c\u00f3 th\u1eddi gian nhi\u1ec1u \u0111\u1ec3 ng\u1ed3i nh\u00e2m nhi, th\u01b0\u1edfng th\u1ee9c ly tr\u00e0 nh\u01b0 ng\u00e0y x\u01b0a. Nh\u1eefng s\u1ea3n ph\u1ea9m nh\u01b0 th\u1ee9c \u0103n nhanh, s\u1ea3n ph\u1ea9m ti\u1ec7n l\u1ee3i \u0111\u01b0\u1ee3c con ng\u01b0\u1eddi s\u1eed d\u1ee5ng nhi\u1ec1u h\u01a1n v\u00e0 \u01b0u th\u00edch h\u01a1n. M\u00f4i tr\u01b0\u1eddng ng\u00e0y c\u00e0ng \u00f4 nhi\u1ec5m, th\u1ee9c \u0103n \u0111\u1ed9c h\u1ea1i \u1ea3nh h\u01b0\u1edfng \u0111\u1ebfn s\u1ee9c kh\u1ecfe. V\u00ec v\u1eady con ng\u01b0\u1eddi lu\u00f4n lu\u00f4n c\u00f3 xu h\u01b0\u1edbng t\u00ecm \u0111\u1ebfn nh\u1eefng s\u1ea3n ph\u1ea9m s\u1ea1ch v\u1eeba c\u00f3 t\u00e1c d\u1ee5ng ch\u1eefa b\u1ec7nh, u\u1ed1ng t\u1ed1t cho s\u1ee9c kh\u1ecfe m\u00e0 N\u1ea5m Linh Chi l\u00e0 m\u1ed9t trong nh\u1eefng s\u1ea3n ph\u1ea9m m\u00e0 ng\u01b0\u1eddi ti\u00eau d\u00f9ng \u0111ang c\u1ea7n. N\u1ea5m Linh Chi \u0111\u01b0\u1ee3c coi l\u00e0 m\u1ed9t lo\u1ea1i thu\u1ed1c qu\u00fd, c\u00f3 t\u00e1c d\u1ee5ng b\u1ea3o v\u1ec7 gan, gi\u1ea3i \u0111\u1ed9c, c\u01b0\u1eddng t\u00e2m, b\u1ed5 \u00f3c, ti\u00eau \u0111\u1eddm, b\u1ed5 cho d\u1ea1 d\u00e0y, ph\u00f2ng v\u00e0 ch\u1ed1ng ung th\u01b0, ch\u1ed1ng l\u00e3o h\u00f3a, l\u00e0m t\u0103ng tu\u1ed5i th\u1ecd. Theo s\u00e1ch \u201cB\u1ea3n Th\u1ea3o C\u01b0\u01a1ng M\u1ee5c c\u1ee7a L\u00fd Th\u1eddi Tr\u00e2n vi\u1ebft l\u00e0 n\u1ea5m Linh Chi\u00a0 d\u00f9ng l\u00e2u, ng\u01b0\u1eddi nh\u1eb9 nh\u00e0ng, kh\u00f4ng gi\u00e0, s\u1ed1ng l\u00e2u nh\u01b0 th\u1ea7n ti\u00ean&#8221;<BR><\/p>\n<p>&nbsp;&nbsp;&nbsp;&nbsp;&nbsp;Tr\u00ean th\u1ebf gi\u1edbi \u0111\u00e3 c\u00f3 nhi\u1ec1u ch\u01b0\u01a1ng tr\u00ecnh nghi\u00ean c\u1ee9u v\u00e0 \u0111\u00e3 \u0111\u1ecbnh danh \u0111\u01b0\u1ee3c c\u00e1c ho\u1ea1t ch\u1ea5t v\u00e0 x\u00e1c \u0111\u1ecbnh t\u00e1c d\u1ee5ng d\u01b0\u1ee3c l\u00fd c\u1ee7a n\u1ea5m Linh Chi nh\u01b0: gecmani (cao h\u01a1n nh\u00e2n s\u00e2m t\u1eeb 5-8 l\u1ea7n, gi\u00fap t\u1ebf b\u00e0o h\u1ea5p th\u1ee5 oxi t\u1ed1t h\u01a1n), axit ganoderic, axit ganodermic (ch\u1ed1ng d\u1ecb \u1ee9ng v\u00e0 ch\u1ed1ng vi\u00eam), axit oleic, ganodosteron, gnoderans, adenosine, beta-D-glucan, polysaccharide (l\u00e0m t\u0103ng s\u1ef1 mi\u1ec5n d\u1ecbch trong c\u01a1 th\u1ec3, l\u00e0m m\u1ea1nh gan, di\u1ec7t t\u1ebf b\u00e0o ung th\u01b0). Theo c\u00e1c nh\u00e0 khoa h\u1ecdc Vi\u1ec7t Nam th\u00ec trong n\u1ea5m Linh Chi c\u00f3 ch\u1ee9a 21 nguy\u00ean t\u1ed1 vi l\u01b0\u1ee3ng c\u1ea7n thi\u1ebft cho s\u1ef1 v\u1eadn h\u00e0nh v\u00e0 chuy\u1ec3n h\u00f3a c\u1ee7a c\u01a1 th\u1ec3 nh\u01b0: \u0111\u1ed3ng, s\u1eaft, kali, magie, natri, canxi,&#8230;<BR><\/p>\n<p>&nbsp;&nbsp;&nbsp;&nbsp;&nbsp;T\u1eeb nh\u1eefng \u0111i\u1ec3m \u0111\u00e3 n\u00eau tr\u00ean, v\u1edbi mong mu\u1ed1n \u201cai c\u0169ng c\u00f3 th\u1ec3 s\u1eed d\u1ee5ng \u0111\u01b0\u1ee3c n\u1ea5m Linh Chi\u201d s\u1ea3n ph\u1ea9m v\u1edbi ti\u1ec7n l\u1ee3i ch\u1ec9 c\u1ea7n nh\u00fang n\u01b0\u1edbc s\u00f4i sau 5-7 ph\u00fat (thay v\u00ec ph\u1ea3i \u0111un h\u00e0ng gi\u1edd nh\u01b0 tr\u01b0\u1edbc \u0111\u00e2y), v\u00e0 \u0111\u1eb7c bi\u1ec7t l\u00e0 gi\u00e1 c\u1ea3 ph\u00f9 h\u1ee3p h\u01a1n cho ng\u01b0\u1eddi d\u00f9ng c\u00f3 kinh t\u1ebf th\u1ea5p, ng\u01b0\u1eddi ti\u00eau d\u00f9ng \u0111\u00e3 c\u00f3 s\u1ea3n ph\u1ea9m thay n\u01b0\u1edbc d\u00f9ng h\u00e0ng ng\u00e0y v\u1edbi m\u00e0u n\u00e2u s\u00e1ng \u0111\u1eb7c tr\u01b0ng c\u1ee7a Linh Chi, m\u00f9i th\u01a1m n\u1ed3ng n\u00e0n c\u1ee7a h\u01b0\u01a1ng Qu\u1ebf Tr\u00e0 My, v\u1ecb \u0111\u1eafng pha d\u1ecbu ng\u1ecdt c\u1ee7a s\u1ef1 h\u00f2a quy\u1ec7n gi\u1eefa Linh Chi \u2013 Cam Th\u1ea3o, c\u00f3 th\u1ec3 d\u00f9ng khi n\u00f3ng, ho\u1eb7c \u0111\u1ec3 ng\u0103n l\u1ea1nh, d\u00f9ng thay n\u01b0\u1edbc\u2026s\u1ebd gi\u00fap ng\u01b0\u1eddi s\u1eed d\u1ee5ng \u0103n ngon mi\u1ec7ng, gi\u1ea5c ng\u1ee7 s\u00e2u v\u00e0 l\u00e0 m\u00f3n qu\u00e0 qu\u00fd, sang tr\u1ecdng \u0111\u1ea3m b\u1ea3o ch\u1ea5t l\u01b0\u1ee3ng, trong c\u00e1c d\u1ecbp l\u1ec5, t\u1ebft v\u00e0 sau c\u00e1c chuy\u1ebfn \u0111i xa n\u00ean s\u1ea3n ph\u1ea9m Tr\u00e0 Linh Chi Ho\u00e0ng H\u1ea3i ra \u0111\u1eddi nh\u1eb1m hi\u1ec7n th\u1ef1c h\u00f3a mong mu\u1ed1n \u0111\u00f3.<\/p><\/blockquote>\n","protected":false},"excerpt":{"rendered":"<p>Th\u00f4ng tin s\u1ea3n ph\u1ea9m T\u00ean s\u1ea3n ph\u1ea9m Tr\u00e0 linh chi Ho\u00e0ng H\u1ea3i Th\u00e0nh ph\u1ea7n N\u1ea5m nguy\u00ean tai, nguy\u00ean b\u00e0o t\u1eed Ch\u1ee9ng nh\u1eadn \u0110KKD: 3307M00031 Ng\u00e0y \u0111\u00f3ng g\u00f3i: Xem tr\u00ean bao b\u00ec Th\u1eddi h\u1ea1n s\u1eed d\u1ee5ng 2 n\u0103m k\u1ec3 t\u1eeb NSX Tr\u1ecdng l\u01b0\u1ee3ng 30 g\u00f3i x2gram Th\u00f4ng tin \u0111\u01a1n v\u1ecb \/ nh\u00e0 s\u1ea3n xu\u1ea5t T\u00ean \u0111\u01a1n [&hellip;]<\/p>\n","protected":false},"featured_media":794,"comment_status":"open","ping_status":"closed","template":"","meta":[],"_links":{"self":[{"href":"https:\/\/vphcheck.com\/index.php\/wp-json\/wp\/v2\/product\/816"}],"collection":[{"href":"https:\/\/vphcheck.com\/index.php\/wp-json\/wp\/v2\/product"}],"about":[{"href":"https:\/\/vphcheck.com\/index.php\/wp-json\/wp\/v2\/types\/product"}],"replies":[{"embeddable":true,"href":"https:\/\/vphcheck.com\/index.php\/wp-json\/wp\/v2\/comments?post=816"}],"wp:featuredmedia":[{"embeddable":true,"href":"https:\/\/vphcheck.com\/index.php\/wp-json\/wp\/v2\/media\/794"}],"wp:attachment":[{"href":"https:\/\/vphcheck.com\/index.php\/wp-json\/wp\/v2\/media?parent=816"}],"curies":[{"name":"wp","href":"https:\/\/api.w.org\/{rel}","templated":true}]}}