{"id":632,"date":"2019-04-10T02:20:40","date_gmt":"2019-04-10T02:20:40","guid":{"rendered":"http:\/\/vphcheck.com\/?post_type=product&#038;p=632"},"modified":"2020-09-13T17:50:17","modified_gmt":"2020-09-13T17:50:17","slug":"nuoc-mam-ha-quang","status":"publish","type":"product","link":"https:\/\/vphcheck.com\/index.php\/san-pham\/nuoc-mam-ha-quang\/","title":{"rendered":"N\u01b0\u1edbc m\u1eafm H\u00e0 Qu\u1ea3ng"},"content":{"rendered":"<p><img loading=\"lazy\" decoding=\"async\" class=\"wp-image-634 aligncenter\" src=\"http:\/\/vphcheck.com\/wp-content\/uploads\/2019\/04\/Nuoc-Ma-Ha-Quang.jpg\" alt=\"\" width=\"334\" height=\"395\" srcset=\"https:\/\/vphcheck.com\/wp-content\/uploads\/2019\/04\/Nuoc-Ma-Ha-Quang.jpg 364w, https:\/\/vphcheck.com\/wp-content\/uploads\/2019\/04\/Nuoc-Ma-Ha-Quang-254x300.jpg 254w\" sizes=\"(max-width: 334px) 100vw, 334px\" \/><\/p>\n","protected":false},"excerpt":{"rendered":"<table class=\"w3-table-all\">\n<thead>\n<tr class=\"w3-blue\">\n<th colspan=\"2\">Th\u00f4ng tin s\u1ea3n ph\u1ea9m<\/th>\n<\/tr>\n<\/thead>\n<tbody>\n<tr>\n<td width=\"122\">T\u00ean s\u1ea3n ph\u1ea9m<\/td>\n<td width=\"228\">N\u01b0\u1edbc m\u1eafm H\u00e0 Qu\u1ea3ng<\/td>\n<\/tr>\n<tr>\n<td>Th\u00e0nh ph\u1ea7n<\/td>\n<td>C\u00e1 c\u01a1m nguy\u00ean ch\u1ea5t 100%<\/td>\n<\/tr>\n<tr>\n<td>Ng\u00e0y s\u1ea3n xu\u1ea5t<\/td>\n<td>Xem tr\u00ean bao b\u00ec<\/td>\n<\/tr>\n<tr>\n<td>Th\u1eddi h\u1ea1n s\u1eed d\u1ee5ng<\/td>\n<td>18 th\u00e1ng k\u1ec3 t\u1eeb NSX<\/td>\n<\/tr>\n<tr>\n<td>Tr\u1ecdng l\u01b0\u1ee3ng<\/td>\n<td>1.5 l\u00edt<\/td>\n<\/tr>\n<tr>\n<td>H\u01b0\u1edbng d\u1eabn s\u1eed d\u1ee5ng<\/td>\n<td>&#8211; D\u00f9ng \u0111\u1ec3 \u0111un n\u1ea5u ho\u1eb7c ch\u1ebf bi\u1ebfn c\u00e1c m\u00f3n \u0103n<\/td>\n<\/tr>\n<tr>\n<td>\u0110\u1ed1i t\u01b0\u1ee3ng s\u1eed d\u1ee5ng<\/td>\n<td>&#8211; C\u00e1i n\u00e0y b\u00ean CSSX cung c\u1ea5p th\u00eam<\/td>\n<\/tr>\n<tr>\n<td>B\u1ea3o qu\u1ea3n<\/td>\n<td>N\u01a1i kh\u00f4 r\u00e1o tho\u00e1ng m\u00e1t, tr\u00e1nh \u00e1nh s\u00e1ng m\u1eb7t tr\u1eddi<\/td>\n<\/tr>\n<tr>\n<th class=\"w3-blue\" colspan=\"2\">Th\u00f4ng tin \u0111\u01a1n v\u1ecb \/ nh\u00e0 s\u1ea3n xu\u1ea5t<\/th>\n<\/tr>\n<tr>\n<td>T\u00ean \u0111\u01a1n v\u1ecb:<\/td>\n<td width=\"228\"><strong>C\u01a0 S\u1ede S\u1ea2N XU\u1ea4T N\u01af\u1edaC M\u1eaeM H\u00c0 QU\u1ea2NG<\/strong><\/td>\n<\/tr>\n<tr>\n<td>Qu\u1ed1c gia:<\/td>\n<td>Vi\u1ec7t Nam<\/td>\n<\/tr>\n<tr>\n<td>T\u1ec9nh \/th\u00e0nh :<\/td>\n<td>Qu\u1ea3ng Nam<\/td>\n<\/tr>\n<tr>\n<td>\u0110\u1ecba ch\u1ec9 li\u00ean l\u1ea1c:<\/td>\n<td>B\u00ecnh Minh &#8211; Th\u0103ng B\u00ecnh &#8211; Qu\u1ea3ng Nam<\/td>\n<\/tr>\n<tr>\n<td>\u0110i\u1ec7n tho\u1ea1i:<\/td>\n<td>090.1132.199<\/td>\n<\/tr>\n<tr>\n<td>Zalo<\/td>\n<td><\/td>\n<\/tr>\n<tr>\n<td>MST<\/td>\n<td><\/td>\n<\/tr>\n<tr>\n<th class=\"w3-blue\" colspan=\"2\">Th\u00f4ng tin nguy\u00ean li\u1ec7u<\/th>\n<\/tr>\n<tr>\n<td>T\u00ean nguy\u00ean li\u1ec7u<\/td>\n<td>C\u00e1 c\u01a1m, mu\u1ed1i, n\u01b0\u1edbc<\/td>\n<\/tr>\n<tr>\n<td>V\u00f9ng khai th\u00e1c<\/td>\n<td>Bi\u1ec3n Qu\u1ea3ng Nam<\/td>\n<\/tr>\n<\/tbody>\n<\/table>\n","protected":false},"featured_media":0,"comment_status":"open","ping_status":"closed","template":"","meta":[],"_links":{"self":[{"href":"https:\/\/vphcheck.com\/index.php\/wp-json\/wp\/v2\/product\/632"}],"collection":[{"href":"https:\/\/vphcheck.com\/index.php\/wp-json\/wp\/v2\/product"}],"about":[{"href":"https:\/\/vphcheck.com\/index.php\/wp-json\/wp\/v2\/types\/product"}],"replies":[{"embeddable":true,"href":"https:\/\/vphcheck.com\/index.php\/wp-json\/wp\/v2\/comments?post=632"}],"wp:attachment":[{"href":"https:\/\/vphcheck.com\/index.php\/wp-json\/wp\/v2\/media?parent=632"}],"curies":[{"name":"wp","href":"https:\/\/api.w.org\/{rel}","templated":true}]}}