{"id":599,"date":"2019-01-04T13:27:50","date_gmt":"2019-01-04T13:27:50","guid":{"rendered":"http:\/\/vphcheck.com\/?post_type=product&#038;p=599"},"modified":"2020-09-13T17:50:18","modified_gmt":"2020-09-13T17:50:18","slug":"co-so-ruou-chinh-chau-ruou-tay-giang-quang-nam","status":"publish","type":"product","link":"https:\/\/vphcheck.com\/index.php\/san-pham\/co-so-ruou-chinh-chau-ruou-tay-giang-quang-nam\/","title":{"rendered":"C\u01a1 s\u1edf r\u01b0\u1ee3u Ch\u00ednh Ch\u00e2u &#8211; R\u01b0\u1ee3u T\u00e2y Giang Qu\u1ea3ng Nam"},"content":{"rendered":"<blockquote><p><strong>C\u01a0 S\u1ede S\u1ea2N XU\u1ea4T R\u01af\u1ee2U CH\u00cdNH CH\u00c2U<\/strong><\/p><\/blockquote>\n<ul>\n<li><strong>\u0110\u1ecba ch\u1ec9:<\/strong>\u00a0Agr\u1ed3ng &#8211; Ati\u00eang &#8211; T\u00e2y Giang &#8211; Qu\u1ea3ng Nam<\/li>\n<li><strong>\u0110i\u1ec7n tho\u1ea1i:\u00a0<\/strong>0982 596 537 &#8211; 01682 256 597<\/li>\n<li><strong>Email:\u00a0<\/strong>namchinhtg@gmail.com<\/li>\n<\/ul>\n<p><img loading=\"lazy\" decoding=\"async\" class=\"alignnone wp-image-394\" src=\"http:\/\/vphcheck.com\/wp-content\/uploads\/2018\/08\/6-300x193.jpg\" alt=\"\" width=\"320\" height=\"206\" srcset=\"https:\/\/vphcheck.com\/wp-content\/uploads\/2018\/08\/6-300x193.jpg 300w, https:\/\/vphcheck.com\/wp-content\/uploads\/2018\/08\/6.jpg 466w\" sizes=\"(max-width: 320px) 100vw, 320px\" \/><\/p>\n","protected":false},"excerpt":{"rendered":"<div><strong>R\u01b0\u1ee3u Ba k\u00edch T\u00e2y Giang<\/strong><\/div>\n<p>T\u00e2y Giang l\u00e0 huy\u1ec7n mi\u1ec1n n\u00fai cao, n\u1eb1m v\u1ec1 ph\u00eda T\u00e2y c\u1ee7a t\u1ec9nh Qu\u1ea3ng Nam, c\u00e1ch th\u00e0nh ph\u1ed1 Tam K\u1ef3 kho\u1ea3ng 180 km, c\u00e1ch th\u00e0nh ph\u1ed1 \u0110\u00e0 N\u1eb5ng 125 km; c\u00f3 di\u1ec7n t\u00edch t\u1ef1 nhi\u00ean l\u00e0 902,97 km<sup>2<\/sup>, c\u00f3 \u0111\u01b0\u1eddng bi\u00ean gi\u1edbi \u0111\u1ea5t li\u1ec1n d\u00e0i 67 km, gi\u00e1p v\u1edbi huy\u1ec7n K\u1ea1 L\u1eebm v\u00e0 \u0110\u1eafc Ch\u01b0ng, t\u1ec9nh S\u00ea Koong (L\u00e0o), g\u1ed3m 27 m\u1ed1c qu\u1ed1c gi\u1edbi. To\u00e0n huy\u1ec7n c\u00f3 10 \u0111\u01a1n v\u1ecb h\u00e0nh ch\u00ednh c\u1ea5p x\u00e3, trong \u0111\u00f3 c\u00f3 08 x\u00e3 bi\u00ean gi\u1edbi; t\u1ed5ng d\u00e2n s\u1ed1 tr\u00ean \u0111\u1ecba b\u00e0n huy\u1ec7n kho\u1ea3ng 17.500 ng\u01b0\u1eddi (trong \u0111\u00f3 d\u00e2n t\u1ed9c C\u01a1tu chi\u1ebfm kho\u1ea3ng 92% d\u00e2n s\u1ed1), t\u1ef7 l\u1ec7 h\u1ed9 ngh\u00e8o cao (n\u0103m 2013: 51,98%); \u0111\u1ecba h\u00ecnh ph\u1ee9c t\u1ea1p, chia c\u1eaft b\u1edfi nhi\u1ec1u s\u00f4ng, su\u1ed1i hi\u1ec3m tr\u1edf; kh\u00ed h\u1eadu, th\u1eddi ti\u1ebft kh\u1eafc nghi\u1ec7t, giao th\u00f4ng \u0111i l\u1ea1i kh\u00f3 kh\u0103n, \u0111\u1eb7c bi\u1ec7t l\u00e0 trong m\u00f9a m\u01b0a l\u0169.<\/p>\n<p>Ai m\u1ed9t l\u1ea7n t\u1edbi th\u0103m T\u00e2y Giang m\u00e0 kh\u00f4ng u\u1ed1ng r\u01b0\u1ee3u Ba k\u00edch th\u00ec xem nh\u01b0 ch\u01b0a t\u1edbi T\u00e2y Giang. R\u01b0\u1ee3u Ba k\u00edch, m\u1edbi nghe t\u00ean th\u00f4i \u0111\u00e3 khi\u1ebfn con ng\u01b0\u1eddi ta t\u00f2 m\u00f2 mu\u1ed1n \u201cn\u1ebfm t\u1eadn mi\u1ec7ng, u\u1ed1ng t\u1eadn g\u1ed1c\u201d. T\u00f2 m\u00f2 c\u0169ng \u0111\u00fang v\u00ec \u0111\u00e2y l\u00e0 lo\u1ea1i r\u01b0\u1ee3u \u0111\u1eb7c tr\u01b0ng c\u1ee7a v\u00f9ng \u0111\u1ea5t T\u00e2y Giang, l\u1ea1i c\u00f3 t\u00ean g\u1ecdi kh\u00e1 k\u00eau: \u201cBa k\u00edch\u201d. T\u00e1c d\u1ee5ng c\u1ee7a r\u01b0\u1ee3u Ba k\u00edch th\u00ec kh\u00f4ng ph\u1ea3i b\u00e0n c\u00e3i, \u0111\u00e3 c\u00f3 ti\u1ebfng t\u1eeb xa x\u01b0a. R\u01b0\u1ee3u Ba k\u00edch kh\u00f4ng nh\u1eefng l\u00e0 \u0111\u1eb7c s\u1ea3n m\u00e0 c\u00f2n l\u00e0 v\u1ecb thu\u1ed1c b\u1ed5, gi\u00fap con ng\u01b0\u1eddi ta c\u01b0\u1eddng g\u00e2n c\u1ed1t, b\u1ed5 th\u1eadn, tr\u00e1ng d\u01b0\u01a1ng &#8211; ba t\u00e1c d\u1ee5ng tr\u00ean ch\u00ednh l\u00e0 nguy\u00ean nh\u00e2n ng\u01b0\u1eddi ta \u0111\u1eb7t t\u00ean cho lo\u1ea1i r\u01b0\u1ee3u n\u00e0y.<\/p>\n<p>C\u01a1 s\u1edf s\u1ea3n xu\u1ea5t v\u00e0 kinh doanh r\u01b0\u1ee3u Ba k\u00edch Ch\u00ednh Ch\u00e2u lu\u00f4n nh\u1eadn \u0111\u01b0\u1ee3c s\u1ef1 quan t\u00e2m, t\u1ea1o \u0111i\u1ec1u ki\u1ec7n c\u1ee7a c\u00e1c \u0111\u1ed3ng ch\u00ed l\u00e3nh \u0111\u1ea1o huy\u1ec7n trong ho\u1ea1t \u0111\u1ed9ng s\u1ea3n xu\u1ea5t kinh doanh \u0111\u1ec3 t\u1ea1o ra \u0111\u01b0\u1ee3c th\u01b0\u01a1ng hi\u1ec7u ri\u00eang cho r\u01b0\u1ee3u Ba k\u00edch T\u00e2y Giang. C\u01a1 s\u1edf \u0111\u00e3 \u0111\u01b0\u1ee3c UBND huy\u1ec7n c\u1ea5p gi\u1ea5y ph\u00e9p kinh doanh, \u0111\u01b0\u1ee3c S\u1edf C\u00f4ng th\u01b0\u01a1ng Qu\u1ea3ng Nam c\u1ea5p gi\u1ea5y ch\u1ee9ng nh\u1eadn c\u01a1 s\u1edf \u0111\u1ea3m b\u1ea3o v\u1ec7 sinh an to\u00e0n th\u1ef1c ph\u1ea9m v\u00e0 s\u1ea3n ph\u1ea9m r\u01b0\u1ee3u \u0111\u00e3 \u0111\u01b0\u1ee3c T\u1ed5ng c\u1ee5c ti\u00eau chu\u1ea9n \u0111o l\u01b0\u1eddng ch\u1ea5t l\u01b0\u1ee3ng ki\u1ec3m tra v\u1ec1 ch\u1ea5t l\u01b0\u1ee3ng.<\/p>\n<p>T\u1ea1i c\u01a1 s\u1edf, c\u1ee7 Ba k\u00edch \u0111\u01b0\u1ee3c thu h\u00e1i t\u1eeb r\u1eebng t\u1ef1 nhi\u00ean, \u0111em v\u1ec1 r\u1eeda s\u1ea1ch, c\u1eaft ra t\u1eebng kh\u00fac v\u00e0 nh\u1eb7t s\u1ea1ch c\u00e1c r\u1ec5 nh\u1ecf, sau \u0111\u00f3 ph\u01a1i h\u00e9o v\u00e0 ng\u00e2m r\u01b0\u1ee3u. R\u01b0\u1ee3u ng\u00e2m Ba k\u00edch l\u00e0 lo\u1ea1i r\u01b0\u1ee3u tr\u1eafng, \u0111\u01b0\u1ee3c n\u1ea5u c\u1ea9n th\u1eadn, \u0111\u00fang quy tr\u00ecnh v\u00e0 ti\u00eau chu\u1ea9n ch\u1ea5t l\u01b0\u1ee3ng, v\u1ec7 sinh an to\u00e0n th\u1ef1c ph\u1ea9m. R\u01b0\u1ee3u tr\u1eafng tr\u01b0\u1edbc khi ng\u00e2m \u0111\u01b0\u1ee3c \u0111\u01b0a v\u00e0o m\u00e1y l\u1ecdc \u0111\u1ec3 l\u1ecdc \u0111\u1ed9c t\u1ed1, l\u1ecdc t\u1ea1p ch\u1ea5t, l\u1ecdc trong, kh\u1eed andehit, etanol, metanol nh\u01b0ng v\u1eabn \u0111\u1ea3m b\u1ea3o gi\u1eef nguy\u00ean n\u1ed3ng \u0111\u1ed9, m\u00f9i v\u1ecb c\u1ee7a r\u01b0\u1ee3u th\u00e0nh ph\u1ea9m. Sau \u0111\u00f3, r\u01b0\u1ee3u v\u00e0 Ba k\u00edch \u0111\u01b0\u1ee3c cho v\u00e0o chum (v\u1ea1i) \u0111\u1ea5t nung \u0111\u1ec3 ng\u00e2m trong kho\u1ea3ng 05 th\u00e1ng th\u00ec d\u00f9ng \u0111\u01b0\u1ee3c, tuy nhi\u00ean, n\u1ebfu c\u00e0ng ng\u00e2m l\u00e2u th\u00ec r\u01b0\u1ee3u c\u00e0ng ngon v\u00e0 c\u00f3 m\u00f9i v\u1ecb r\u1ea5t th\u01a1m, d\u1ecbu.<\/p>\n<p>Ngo\u00e0i s\u1ea3n ph\u1ea9m r\u01b0\u1ee3u Ba k\u00edch, c\u01a1 s\u1edf ch\u00fang t\u00f4i c\u00f2n c\u00f3 c\u00e1c lo\u1ea1i r\u01b0\u1ee3u: \u0110\u1ea3ng s\u00e2m, T\u00e1o m\u00e8o, M\u1eadt nh\u00e2n, Ng\u00f4, n\u1ebfp X\u01a1\u01a1ng, S\u1eafn, g\u1ea1o Ba tr\u0103ng, g\u1ea1o Pr\u00f4ng, Tr\u2019\u0111in.<\/p>\n<p>\u0110\u00eam v\u00f9ng cao ch\u1edbm l\u1ea1nh khi v\u1ec1 khuya. \u00c1nh l\u1eeda thi\u00eang b\u1eadp b\u00f9ng, ti\u1ebfng c\u1ed3ng chi\u00eang r\u1ed9n r\u00e3. M\u1ecdi ng\u01b0\u1eddi c\u00f9ng trao nhau ly r\u01b0\u1ee3u Ba k\u00edch nh\u01b0 l\u1eddi ch\u00fac s\u1ee9c kh\u1ecfe, g\u1eafn ch\u1eb7t t\u00ecnh \u0111o\u00e0n k\u1ebft. N\u00f3i \u0111\u1ebfn T\u00e2y Giang, c\u00f3 l\u1ebd trong m\u1ed7i ch\u00fang ta kh\u00f4ng ch\u1ec9 nh\u1edb \u0111\u1ebfn nh\u1eefng ng\u00f4i nh\u00e0 G\u01b0\u01a1l truy\u1ec1n th\u1ed1ng, \u0111i\u1ec7u m\u00faa T\u00e2n\u2019tung Da\u2019d\u00e1, \u0111\u1ebfn c\u1ed3ng chi\u00eang hay \u0111\u00f4i m\u00e1 \u0111\u1ecf h\u1ed3ng e l\u1ec7 c\u1ee7a thi\u1ebfu n\u1eef C\u01a1tu tu\u1ed5i \u0111\u00f4i m\u01b0\u01a1i,\u2026 m\u00e0 c\u00f2n nh\u1edb ho\u00e0i h\u01b0\u01a1ng v\u1ecb Ba k\u00edch \u0111\u1eb7c tr\u01b0ng c\u1ee7a n\u00fai r\u1eebng.<\/p>\n<p>K\u00ednh m\u1eddi c\u00e1c b\u1ea1n \u0111\u1ebfn v\u1edbi T\u00e2y Giang, \u0111\u1ebfn v\u1edbi h\u01b0\u01a1ng v\u1ecb n\u1ed3ng say c\u1ee7a r\u01b0\u1ee3u Ba k\u00edch, th\u01b0\u1edfng th\u1ee9c h\u01b0\u01a1ng v\u1ecb r\u01b0\u1ee3u v\u1edbi c\u00e1c \u0111\u1eb7c s\u1ea3n c\u1ee7a T\u00e2y Giang gi\u1eefa \u0111\u1ea1i ng\u00e0n Tr\u01b0\u1eddng S\u01a1n h\u00f9ng v\u0129.<\/p>\n<div><img loading=\"lazy\" decoding=\"async\" class=\"aligncenter\" src=\"http:\/\/ruoubakichtaygiang.com\/chinhchau\/uploads\/gioi-thieu\/temp_pic\/02.jpg\" alt=\"\" width=\"332\" height=\"249\" \/><\/div>\n","protected":false},"featured_media":393,"comment_status":"open","ping_status":"closed","template":"","meta":[],"_links":{"self":[{"href":"https:\/\/vphcheck.com\/index.php\/wp-json\/wp\/v2\/product\/599"}],"collection":[{"href":"https:\/\/vphcheck.com\/index.php\/wp-json\/wp\/v2\/product"}],"about":[{"href":"https:\/\/vphcheck.com\/index.php\/wp-json\/wp\/v2\/types\/product"}],"replies":[{"embeddable":true,"href":"https:\/\/vphcheck.com\/index.php\/wp-json\/wp\/v2\/comments?post=599"}],"wp:featuredmedia":[{"embeddable":true,"href":"https:\/\/vphcheck.com\/index.php\/wp-json\/wp\/v2\/media\/393"}],"wp:attachment":[{"href":"https:\/\/vphcheck.com\/index.php\/wp-json\/wp\/v2\/media?parent=599"}],"curies":[{"name":"wp","href":"https:\/\/api.w.org\/{rel}","templated":true}]}}