{"id":526,"date":"2018-12-22T14:02:20","date_gmt":"2018-12-22T14:02:20","guid":{"rendered":"http:\/\/vphcheck.com\/?post_type=product&#038;p=526"},"modified":"2020-09-13T17:50:44","modified_gmt":"2020-09-13T17:50:44","slug":"vn-da-thanh-mart-nuoc-mam-cua-khe","status":"publish","type":"product","link":"https:\/\/vphcheck.com\/index.php\/san-pham\/vn-da-thanh-mart-nuoc-mam-cua-khe\/","title":{"rendered":"VN \u0110\u00e0 Th\u00e0nh Mart &#8211; N\u01b0\u1edbc m\u1eafm c\u1eeda khe"},"content":{"rendered":"<p><img loading=\"lazy\" decoding=\"async\" class=\" wp-image-503 aligncenter\" src=\"http:\/\/vphcheck.com\/wp-content\/uploads\/2018\/11\/vndt.jpg\" alt=\"\" width=\"355\" height=\"152\" \/><\/p>\n<blockquote>\n<p style=\"text-align: center;\">S\u1ea3n ph\u1ea9m \u0111\u01b0\u1ee3c ph\u00e2n ph\u1ed1i ch\u00ednh h\u00e3ng b\u1edfi VN \u0110\u00e0 Th\u00e0nh Mart<\/p>\n<\/blockquote>\n","protected":false},"excerpt":{"rendered":"<ul>\n<li>T\u00ean s\u1ea3n ph\u1ea9m N\u01b0\u1edbc m\u1eafm C\u1eeda Khe<\/li>\n<li>T\u00ean nh\u00e0 s\u1ea3n xu\u1ea5t: C\u01a1 s\u1edf s\u1ea3n xu\u1ea5t B\u00e0 L\u1ee3i<\/li>\n<li>\u0110\u1ecba ch\u1ec9: Th\u00f4n 6 x\u00e3 B\u00ecnh D\u01b0\u01a1ng huy\u1ec7n Th\u0103ng B\u00ecnh t\u1ec9nh Qu\u1ea3ng Nam<\/li>\n<li>S\u0110T 0905.712.355 Ch\u1ecb L\u1ee3i<\/li>\n<\/ul>\n<p><img loading=\"lazy\" decoding=\"async\" class=\"alignnone  wp-image-516\" src=\"http:\/\/vphcheck.com\/wp-content\/uploads\/2018\/12\/9-nuoc-mam-ke-khe.png\" alt=\"\" width=\"343\" height=\"127\" \/><\/p>\n","protected":false},"featured_media":0,"comment_status":"open","ping_status":"closed","template":"","meta":[],"_links":{"self":[{"href":"https:\/\/vphcheck.com\/index.php\/wp-json\/wp\/v2\/product\/526"}],"collection":[{"href":"https:\/\/vphcheck.com\/index.php\/wp-json\/wp\/v2\/product"}],"about":[{"href":"https:\/\/vphcheck.com\/index.php\/wp-json\/wp\/v2\/types\/product"}],"replies":[{"embeddable":true,"href":"https:\/\/vphcheck.com\/index.php\/wp-json\/wp\/v2\/comments?post=526"}],"wp:attachment":[{"href":"https:\/\/vphcheck.com\/index.php\/wp-json\/wp\/v2\/media?parent=526"}],"curies":[{"name":"wp","href":"https:\/\/api.w.org\/{rel}","templated":true}]}}