{"id":496,"date":"2018-12-19T02:37:22","date_gmt":"2018-12-19T02:37:22","guid":{"rendered":"http:\/\/vphcheck.com\/?post_type=product&#038;p=496"},"modified":"2020-09-13T17:50:45","modified_gmt":"2020-09-13T17:50:45","slug":"tinh-dau-sa-htx-nong-duoc-xanh-tien-phuoc","status":"publish","type":"product","link":"https:\/\/vphcheck.com\/index.php\/san-pham\/tinh-dau-sa-htx-nong-duoc-xanh-tien-phuoc\/","title":{"rendered":"Tinh d\u1ea7u S\u1ea3 &#8211; HTX N\u00f4ng d\u01b0\u1ee3c xanh Ti\u00ean Ph\u01b0\u1edbc"},"content":{"rendered":"<p><center>S\u1ea3n ph\u1ea9m \u0111\u1ea1t <font color=red><b>***<\/b><\/font> theo Quy\u1ebft \u0111\u1ecbnh s\u1ed1 365\/Q\u0110-UBND ng\u00e0y 31\/01\/2019 c\u1ee7a UBND t\u1ec9nh Qu\u1ea3ng Nam<br \/>\n<img loading=\"lazy\" decoding=\"async\" class=\"wp-image-492 aligncenter\" src=\"http:\/\/vphcheck.com\/wp-content\/uploads\/2018\/12\/356d59c1fdd91e8747c8.jpg\" alt=\"\" width=\"357\" height=\"534\" \/><\/center><\/p>\n","protected":false},"excerpt":{"rendered":"<p><meta name=\"viewport\" content=\"width=device-width, initial-scale=1\"> <link rel=\"stylesheet\" href=\"https:\/\/vphcheck.com\/w3.css\">\n<table class=\"w3-table-all\">\n<thead>\n<tr class=\"w3-blue\">\n<th colspan=\"2\">Th\u00f4ng tin s\u1ea3n ph\u1ea9m<\/th>\n<\/tr>\n<\/thead>\n<tbody>\n<tr>\n<td width=\"122\">T\u00ean s\u1ea3n ph\u1ea9m<\/td>\n<td width=\"228\">Tinh d\u1ea7u S\u1ea3<\/td>\n<\/tr>\n<tr>\n<td>Th\u00e0nh ph\u1ea7n<\/td>\n<td>S\u1ea3 100%<\/td>\n<\/tr>\n<tr>\n<td>\u0110\u1ea1t ti\u00eau chu\u1ea9n<\/td>\n<td>TCCS 02:2018\/NDXTP<\/td>\n<\/tr>\n<tr>\n<td>Ng\u00e0y s\u1ea3n xu\u1ea5t<\/td>\n<td>Xem tr\u00ean bao b\u00ec<\/td>\n<\/tr>\n<tr>\n<td>Th\u1eddi h\u1ea1n s\u1eed d\u1ee5ng<\/td>\n<td>1 n\u0103m k\u1ec3 t\u1eeb ng\u00e0y s\u1ea3n xu\u1ea5t<\/td>\n<\/tr>\n<tr>\n<td>Tr&#7885;ng l&#432;&#7907;ng <\/td>\n<td>20ml<\/td>\n<\/tr>\n<tr>\n<td>H\u01b0\u1edbng d\u1eabn s\u1eed d\u1ee5ng<\/td>\n<td>Ch\u1ed1ng say t\u00e0u xe, kh\u1eed m\u00f9i ph\u00f2ng, ch\u1eefa \u0111au nh\u1ee9c, d\u00f9ng x\u1ecbt ph\u00f2ng ho\u1eb7c s\u00e0n xe h\u01a1i, d\u00f9ng l\u00e0m th\u01a1m qu\u1ea7n \u00e1o, d\u00f9ng \u0111\u1ec3 lau nh\u00e0.<\/td>\n<\/tr>\n<tr>\n<td>B\u1ea3o qu\u1ea3n<\/td>\n<td>N\u01a1i kh\u00f4 r\u00e1o tho\u00e1ng m\u00e1t, tr\u00e1nh \u00e1nh s\u00e1ng m\u1eb7t tr\u1eddi<\/td>\n<\/tr>\n<tr>\n<th class=\"w3-blue\" colspan=\"2\">Th\u00f4ng tin \u0111\u01a1n v\u1ecb \/ nh\u00e0 s\u1ea3n xu\u1ea5t<\/th>\n<\/tr>\n<tr>\n<td>T\u00ean \u0111\u01a1n v\u1ecb:<\/td>\n<td width=\"228\">H\u1ee3p t\u00e1c x\u00e3 n\u00f4ng d\u01b0\u1ee3c xanh Ti\u00ean Ph\u01b0\u1edbc<\/td>\n<\/tr>\n<tr>\n<td>Qu\u1ed1c gia:<\/td>\n<td>Vi\u1ec7t Nam<\/td>\n<\/tr>\n<tr>\n<td>T\u1ec9nh \/th\u00e0nh :<\/td>\n<td>Qu\u1ea3ng Nam<\/td>\n<\/tr>\n<tr>\n<td>\u0110\u1ecba ch\u1ec9 li\u00ean l\u1ea1c:<\/td>\n<td>Th\u00f4n T\u00fa An &#8211; x\u00e3 Ti\u00ean H\u00e0 \u2013 huy\u1ec7n Ti\u00ean Ph\u01b0\u1edbc \u2013 t\u1ec9nh Qu\u1ea3ng Nam<\/td>\n<\/tr>\n<tr>\n<td>\u0110i\u1ec7n tho\u1ea1i:<\/td>\n<td>0981328131<\/td>\n<\/tr>\n<tr>\n<td>Email:<\/td>\n<td>nongduocxanhtienphuoc@gmail.com<\/td>\n<\/tr>\n<tr>\n<td>Website:<\/td>\n<td>http:\/\/nongduocxanhtienphuoc.vn<\/td>\n<\/tr>\n<tr>\n<th class=\"w3-blue\" colspan=\"2\">Th\u00f4ng tin nguy\u00ean li\u1ec7u<\/th>\n<\/tr>\n<tr>\n<td>T\u00ean nguy\u00ean li\u1ec7u<\/td>\n<td>S\u1ea3 100%<\/td>\n<\/tr>\n<tr>\n<td>V\u00f9ng tr\u1ed3ng<\/td>\n<td>Ti\u00ean ph\u01b0\u1edbc- Qu\u1ea3ng Nam<\/td>\n<\/tr>\n<\/tbody>\n<\/table>\n<p><strong>B\u1ea3n \u0111\u1ed3 v\u00f9ng s\u1ea3n xu\u1ea5t v\u00e0 nguy\u00ean li\u1ec7u<\/strong><\/p>\n<p><iframe loading=\"lazy\" src=\"https:\/\/www.google.com\/maps\/embed?pb=!1m18!1m12!1m3!1d15375.091157450357!2d108.23942776810577!3d15.550306385527273!2m3!1f0!2f0!3f0!3m2!1i1024!2i768!4f13.1!3m3!1m2!1s0x3169efdfdac13b6b%3A0xac01a69ba39765e6!2zVGnDqm4gSMOgLCBUacOqbiBQaMaw4bubYywgUXXhuqNuZyBOYW0sIFZp4buHdCBOYW0!5e0!3m2!1svi!2s!4v1551832442234\" width=\"350\" height=\"320\" frameborder=\"0\" style=\"border:0\" allowfullscreen><\/iframe><\/p>\n<p>C\u00e1c th\u00f4ng tin tr\u00ean \u0111\u01b0\u1ee3c cung c\u1ea5p b\u1edfi HTX N\u00f4ng d\u01b0\u1ee3c Xanh Ti\u00ean Ph\u01b0\u1edbc<\/p>\n","protected":false},"featured_media":603,"comment_status":"open","ping_status":"closed","template":"","meta":[],"_links":{"self":[{"href":"https:\/\/vphcheck.com\/index.php\/wp-json\/wp\/v2\/product\/496"}],"collection":[{"href":"https:\/\/vphcheck.com\/index.php\/wp-json\/wp\/v2\/product"}],"about":[{"href":"https:\/\/vphcheck.com\/index.php\/wp-json\/wp\/v2\/types\/product"}],"replies":[{"embeddable":true,"href":"https:\/\/vphcheck.com\/index.php\/wp-json\/wp\/v2\/comments?post=496"}],"wp:featuredmedia":[{"embeddable":true,"href":"https:\/\/vphcheck.com\/index.php\/wp-json\/wp\/v2\/media\/603"}],"wp:attachment":[{"href":"https:\/\/vphcheck.com\/index.php\/wp-json\/wp\/v2\/media?parent=496"}],"curies":[{"name":"wp","href":"https:\/\/api.w.org\/{rel}","templated":true}]}}