{"id":474,"date":"2018-11-15T02:09:51","date_gmt":"2018-11-15T02:09:51","guid":{"rendered":"http:\/\/vphcheck.com\/?post_type=product&#038;p=474"},"modified":"2020-09-13T17:50:45","modified_gmt":"2020-09-13T17:50:45","slug":"gao-phong-thu-dien-ban-vn-da-thanh","status":"publish","type":"product","link":"https:\/\/vphcheck.com\/index.php\/san-pham\/gao-phong-thu-dien-ban-vn-da-thanh\/","title":{"rendered":"Si\u00eau th\u1ecb s\u1ea3n ph\u1ea9m s\u1ea1ch &#8211; VN \u0110\u00e0 Th\u00e0nh"},"content":{"rendered":"<p><img loading=\"lazy\" decoding=\"async\" class=\" wp-image-503 aligncenter\" src=\"http:\/\/vphcheck.com\/wp-content\/uploads\/2018\/11\/vndt.jpg\" alt=\"\" width=\"378\" height=\"152\" \/><\/p>\n<blockquote>\n<p style=\"text-align: center;\">S\u1ea3n ph\u1ea9m \u0111\u01b0\u1ee3c ph\u00e2n ph\u1ed1i ch\u00ednh h\u00e3ng b\u1edfi VN \u0110\u00e0 Th\u00e0nh Group<\/p>\n<\/blockquote>\n","protected":false},"excerpt":{"rendered":"<p>Danh m\u1ee5c s\u1ea3n ph\u1ea9m \u0111ang \u0111\u01b0\u1ee3c c\u1eadp nh\u1eadt.<\/p>\n","protected":false},"featured_media":505,"comment_status":"open","ping_status":"closed","template":"","meta":[],"_links":{"self":[{"href":"https:\/\/vphcheck.com\/index.php\/wp-json\/wp\/v2\/product\/474"}],"collection":[{"href":"https:\/\/vphcheck.com\/index.php\/wp-json\/wp\/v2\/product"}],"about":[{"href":"https:\/\/vphcheck.com\/index.php\/wp-json\/wp\/v2\/types\/product"}],"replies":[{"embeddable":true,"href":"https:\/\/vphcheck.com\/index.php\/wp-json\/wp\/v2\/comments?post=474"}],"wp:featuredmedia":[{"embeddable":true,"href":"https:\/\/vphcheck.com\/index.php\/wp-json\/wp\/v2\/media\/505"}],"wp:attachment":[{"href":"https:\/\/vphcheck.com\/index.php\/wp-json\/wp\/v2\/media?parent=474"}],"curies":[{"name":"wp","href":"https:\/\/api.w.org\/{rel}","templated":true}]}}