{"id":250,"date":"2018-05-28T13:19:32","date_gmt":"2018-05-28T13:19:32","guid":{"rendered":"http:\/\/vphcheck.com\/?post_type=product&#038;p=250"},"modified":"2020-09-13T17:51:20","modified_gmt":"2020-09-13T17:51:20","slug":"banh-trang-dai-loc-2","status":"publish","type":"product","link":"https:\/\/vphcheck.com\/index.php\/san-pham\/banh-trang-dai-loc-2\/","title":{"rendered":"B\u00e1nh tr\u00e1ng \u0110\u1ea1i L\u1ed9c"},"content":{"rendered":"<ul>\n<li>S\u1ea3n ph\u1ea9m c\u1ee7a\u00a0H<span lang=\"VI\">\u1ee3p t\u00e1c x\u00e3 d\u1ecbch v\u1ee5 n\u00f4ng nghi\u1ec7p kinh doanh t\u1ed5ng h\u1ee3p \u00c1i Ngh\u0129a<\/span><\/li>\n<li>\u0110\u1ecba ch\u1ec9: 225 Hu\u1ef3nh Ng\u1ecdc Hu\u1ec7 &#8211; TT \u00c1i Ngh\u0129a , huy\u1ec7n \u0110\u1ea1i L\u1ed9c t\u1ec9nh Qu\u1ea3ng Nam<\/li>\n<\/ul>\n<p><img loading=\"lazy\" decoding=\"async\" class=\"wp-image-251 aligncenter\" src=\"http:\/\/vphcheck.com\/wp-content\/uploads\/2018\/05\/bt-300x225.jpg\" alt=\"\" width=\"311\" height=\"233\" \/><\/p>\n","protected":false},"excerpt":{"rendered":"<ul>\n<li>\n<h2>B\u00e1nh tr\u00e1ng \u0110\u1ea1i L\u1ed9c \u2013 l\u00e0 h\u01b0\u01a1ng v\u1ecb, l\u00e0 con ng\u01b0\u1eddi x\u1ee9 Qu\u1ea3ng<\/h2>\n<p>C\u00f3 th\u1ec3 n\u00f3i, th\u01b0\u01a1ng hi\u1ec7u b\u00e1nh tr\u00e1ng \u0110\u1ea1i L\u1ed9c b\u00e2y gi\u1edd \u0111\u00e3 n\u1ed5i ti\u1ebfng c\u1ea3 n\u01b0\u1edbc.\u00a0Nh\u1eefng ng\u01b0\u1eddi con Qu\u1ea3ng Nam xa x\u1ee9 ch\u00ednh l\u00e0 nh\u1eefng ng\u01b0\u1eddi mang h\u1ed3n qu\u00ea th\u1eafm \u0111\u01b0\u1ee3m qua t\u1eebng chi\u1ebfc b\u00e1nh tr\u00e1ng \u0111\u00ean nh\u1eefng n\u01a1i h\u1ecd sinh s\u1ed1ng. B\u00e1nh tr\u00e1ng \u0110\u1ea1i L\u1ed9c l\u00e0 m\u1ed9t trong nh\u1eefng \u0111\u1eb7c s\u1ea3n \u0111\u1eadm ch\u1ea5t qu\u00ea h\u01b0\u01a1ng, \u0103n m\u1ed9t mi\u1ebfng c\u00f3 th\u1ec3 \u201cc\u1ea3m\u201d \u0111\u01b0\u1ee3c h\u01b0\u01a1ng v\u1ecb, v\u00e0 con ng\u01b0\u1eddi Qu\u1ea3ng Nam.<\/li>\n<li><img loading=\"lazy\" decoding=\"async\" class=\"size-medium wp-image-256 aligncenter\" src=\"http:\/\/vphcheck.com\/wp-content\/uploads\/2018\/05\/010-TO-GAP-MT-300x217.jpg\" alt=\"\" width=\"300\" height=\"217\" \/><\/li>\n<li>B\u00e1nh tr\u00e1ng \u0110\u1ea1i L\u1ed9c ngo\u00e0i \u0111\u1ec3 \u0103n c\u00f2n l\u00e0 m\u1ed9t m\u00f3n qu\u00e0 bi\u1ebfu th\u1eadt \u00fd ngh\u0129a v\u00e0 \u0111\u00e1ng qu\u00fd. Ng\u01b0\u1eddi mi\u1ec1n qu\u00ea Qu\u1ea3ng Nam th\u01b0\u1eddng mang nh\u1eefng r\u00e0ng b\u00e1nh tr\u00e1ng bi\u1ebfu ng\u01b0\u1eddi th\u00e2n c\u1ee7a m\u00ecnh, m\u1ed9t m\u00f3n qu\u00e0 v\u1eeba thi\u1ebft th\u1ef1c v\u1eeba \u0111\u1eadm ch\u1ea5t qu\u00ea\u00a0h\u01b0\u01a1ng. Nh\u1eefng d\u1ecbp l\u1ec5 T\u1ebft, ai ai c\u0169ng ph\u1ea3i \u201ctr\u1eef\u201d b\u00e1nh tr\u00e1ng \u0110\u1ea1i L\u1ed9c trong nh\u00e0 \u201c\u0103n T\u1ebft\u201d, n\u00f3 nh\u01b0 l\u00e0 m\u1ed9t s\u1ea3n v\u1eadt \u0111\u1eb7c tr\u01b0ng c\u1ee7a x\u1ee9 Qu\u1ea3ng ki\u1ec3u nh\u01b0 hoa mai trong Nam v\u00e0 hoa \u0110\u00e0o ngo\u00e0i B\u1eafc v\u1eady.<\/li>\n<\/ul>\n","protected":false},"featured_media":254,"comment_status":"open","ping_status":"closed","template":"","meta":[],"_links":{"self":[{"href":"https:\/\/vphcheck.com\/index.php\/wp-json\/wp\/v2\/product\/250"}],"collection":[{"href":"https:\/\/vphcheck.com\/index.php\/wp-json\/wp\/v2\/product"}],"about":[{"href":"https:\/\/vphcheck.com\/index.php\/wp-json\/wp\/v2\/types\/product"}],"replies":[{"embeddable":true,"href":"https:\/\/vphcheck.com\/index.php\/wp-json\/wp\/v2\/comments?post=250"}],"wp:featuredmedia":[{"embeddable":true,"href":"https:\/\/vphcheck.com\/index.php\/wp-json\/wp\/v2\/media\/254"}],"wp:attachment":[{"href":"https:\/\/vphcheck.com\/index.php\/wp-json\/wp\/v2\/media?parent=250"}],"curies":[{"name":"wp","href":"https:\/\/api.w.org\/{rel}","templated":true}]}}