{"id":1373,"date":"2024-11-25T03:33:55","date_gmt":"2024-11-25T03:33:55","guid":{"rendered":"http:\/\/vphcheck.com\/?post_type=product&#038;p=1373"},"modified":"2025-04-25T13:32:14","modified_gmt":"2025-04-25T13:32:14","slug":"oc-nhoi-ong-nua-hoang-le","status":"publish","type":"product","link":"https:\/\/vphcheck.com\/index.php\/san-pham\/oc-nhoi-ong-nua-hoang-le\/","title":{"rendered":"\u1ed0C NH\u1ed2I \u1ed0NG N\u1ee8A HO\u00c0NG L\u00ca"},"content":{"rendered":"<p style=\"text-align: center;\"><img decoding=\"async\" class=\"alignnone wp-image-603\" src=\"https:\/\/img.upanh.tv\/2024\/11\/25\/z2070850401859_b92f0e4c3fe49fe5f80b9ec8b566c126.jpg\" alt=\"\" width=\"360\" height=\"auto\" \/><\/p>\n","protected":false},"excerpt":{"rendered":"<table class=\"w3-table-all\">\n<thead>\n<tr class=\"w3-blue\">\n<th colspan=\"2\">Th\u00f4ng tin s\u1ea3n ph\u1ea9m<\/th>\n<\/tr>\n<\/thead>\n<tbody>\n<tr>\n<td width=\"122\">T\u00ean s\u1ea3n ph\u1ea9m<\/td>\n<td width=\"228\">\u1ed0C NH\u1ed2I \u1ed0NG N\u1ee8A HO\u00c0NG L\u00ca<\/td>\n<\/tr>\n<tr>\n<td>Th\u00e0nh ph\u1ea7n<\/td>\n<td>Th\u1ecbt \u1ed1c b\u01b0\u01a1u \u0111en,th\u1ecbt heo, n\u1ea5m, c\u1ee7 n\u00e9n, ti\u00eau, t\u1ecfi, s\u1ea3.<\/td>\n<\/tr>\n<tr>\n<td>Gi\u1ea5y \u0110KKD<\/td>\n<td>34C8006245<\/td>\n<\/tr>\n<tr>\n<td>Ng\u00e0y s\u1ea3n xu\u1ea5t<\/td>\n<td>Xem tr\u00ean bao b\u00ec<\/td>\n<\/tr>\n<tr>\n<td>Th\u1eddi h\u1ea1n s\u1eed d\u1ee5ng<\/td>\n<td>60 ng\u00e0y k\u1ec3 t\u1eeb NSX<\/td>\n<\/tr>\n<tr>\n<td>Tr\u1ecdng l\u01b0\u1ee3ng<\/td>\n<td>500gam<\/td>\n<\/tr>\n<tr>\n<td>H\u01b0\u1edbng d\u1eabn s\u1eed d\u1ee5ng<\/td>\n<td>\n<p> \tH\u1ea5p, n\u01b0\u1edbng, chi\u00ean, x\u00e0o, l\u1ea9u<\/p>\n<\/td>\n<\/tr>\n<tr>\n<td>H\u01b0\u1edbng d\u1eabn B\u1ea3o qu\u1ea3n<\/td>\n<td>Ng\u0103n \u0111\u00f4ng t\u1ee7 l\u1ea1nh<\/td>\n<\/tr>\n<tr>\n<td>Th\u00f4ng tin c\u1ea3nh b\u00e1o<\/td>\n<td>Kh\u00f4ng s\u1eed d\u1ee5ng n\u1ebfu s\u1ea3n ph\u1ea9m c\u00f3 m\u00f9i, b\u1ecb h\u01b0, \u1ea9m m\u1ed1c<\/td>\n<\/tr>\n<tr>\n<th class=\"w3-blue\" colspan=\"2\">Th\u00f4ng tin \u0111\u01a1n v\u1ecb \/ nh\u00e0 s\u1ea3n xu\u1ea5t<\/th>\n<\/tr>\n<tr>\n<td>T\u00ean \u0111\u01a1n v\u1ecb:<\/td>\n<td width=\"228\">H\u1ed8 KINH DOANH HO\u00c0NG L\u00ca<\/td>\n<\/tr>\n<tr>\n<td>Qu\u1ed1c gia:<\/td>\n<td>Vi\u1ec7t Nam<\/td>\n<\/tr>\n<tr>\n<td>T\u1ec9nh \/th\u00e0nh :<\/td>\n<td>Qu\u1ea3ng Ng\u00e3i<\/td>\n<\/tr>\n<tr>\n<td>\u0110\u1ecba ch\u1ec9 li\u00ean l\u1ea1c:<\/td>\n<td>Th\u00f4n Ph\u01b0\u1edbc An, x\u00e3 B\u00ecnh Kh\u01b0\u01a1ng, huy\u1ec7n B\u00ecnh S\u01a1n, t\u1ec9nh Qu\u1ea3ng Ng\u00e3i<\/td>\n<\/tr>\n<tr>\n<td>Email<\/td>\n<td><\/td>\n<\/tr>\n<tr>\n<td>Di \u0111\u1ed9ng:<\/td>\n<td>0789.479.558-0961.852.702<\/td>\n<\/tr>\n<\/tbody>\n<\/table>\n<p style=\"text-align: center;\">\n<img decoding=\"async\" class=\"alignnone wp-image-745\" src=\"https:\/\/img.upanh.tv\/2024\/11\/25\/z6066054154533_9a6806c2f39fb39e0114ce337a59dd20.jpg\" alt=\"\" width=\"360\" height=\"auto\" \/><br \/>\n<img decoding=\"async\" class=\"alignnone wp-image-745\" src=\"https:\/\/img.upanh.tv\/2024\/11\/25\/z6066055105404_01f9676b68bed887788634d3a704233f.jpg\" alt=\"\" width=\"360\" height=\"auto\" \/><\/p>\n","protected":false},"featured_media":820,"comment_status":"open","ping_status":"closed","template":"","meta":[],"_links":{"self":[{"href":"https:\/\/vphcheck.com\/index.php\/wp-json\/wp\/v2\/product\/1373"}],"collection":[{"href":"https:\/\/vphcheck.com\/index.php\/wp-json\/wp\/v2\/product"}],"about":[{"href":"https:\/\/vphcheck.com\/index.php\/wp-json\/wp\/v2\/types\/product"}],"replies":[{"embeddable":true,"href":"https:\/\/vphcheck.com\/index.php\/wp-json\/wp\/v2\/comments?post=1373"}],"wp:featuredmedia":[{"embeddable":true,"href":"https:\/\/vphcheck.com\/index.php\/wp-json\/wp\/v2\/media\/820"}],"wp:attachment":[{"href":"https:\/\/vphcheck.com\/index.php\/wp-json\/wp\/v2\/media?parent=1373"}],"curies":[{"name":"wp","href":"https:\/\/api.w.org\/{rel}","templated":true}]}}