{"id":1313,"date":"2024-03-11T12:53:59","date_gmt":"2024-03-11T12:53:59","guid":{"rendered":"http:\/\/vphcheck.com\/?post_type=product&#038;p=1313"},"modified":"2024-03-13T13:21:10","modified_gmt":"2024-03-13T13:21:10","slug":"rau-e-trang-htx-sxkd-rau-tra-que-xanh","status":"publish","type":"product","link":"https:\/\/vphcheck.com\/index.php\/san-pham\/rau-e-trang-htx-sxkd-rau-tra-que-xanh\/","title":{"rendered":"RAU \u00c9 TR\u1eaeNG &#8211; HTX SX&#038;KD RAU TR\u00c0 QU\u1ebe XANH"},"content":{"rendered":"<p><center><img decoding=\"async\" class=\"alignnone wp-image-589 aligncenter\" src=\"https:\/\/hatgiongf1.com\/Uploads\/Images\/Products\/croped\/hat-giong-rau-thom-sa-e-trang-5gr-106539-450x450.jpg\" alt=\"\" width=\"370\" height=\"auto\" \/><\/p>\n","protected":false},"excerpt":{"rendered":"<table class=\"w3-table-all\">\n<thead>\n<tr class=\"w3-blue\">\n<th colspan=\"2\">Th\u00f4ng tin s\u1ea3n ph\u1ea9m<\/th>\n<\/tr>\n<\/thead>\n<tbody>\n<tr>\n<td width=\"122\">T\u00ean s\u1ea3n ph\u1ea9m<\/td>\n<td width=\"228\">RAU \u00c9 TR\u1eaeNG<\/td>\n<\/tr>\n<tr>\n<td>Th\u00e0nh ph\u1ea7n<\/td>\n<td>100% Rau \u00e9 tr\u1eafng\n<\/td>\n<\/tr>\n<tr>\n<td>M\u00e3 s\u1ed1 thu\u1ebf<\/td>\n<td>4001254621<\/td>\n<\/tr>\n<tr>\n<td>Ng\u00e0y \u0111\u00f3ng g\u00f3i<\/td>\n<td>Xem tr\u00ean bao b\u00ec<\/td>\n<\/tr>\n<tr>\n<td>Th\u1eddi h\u1ea1n s\u1eed d\u1ee5ng<\/td>\n<td><\/td>\n<\/tr>\n<tr>\n<td>Tr\u1ecdng l\u01b0\u1ee3ng<\/td>\n<td><\/td>\n<\/tr>\n<tr>\n<td>H\u01b0\u1edbng d\u1eabn s\u1eed d\u1ee5ng<\/td>\n<td>\n\tD\u00f9ng \u0103n k\u00e8m\n<\/td>\n<\/tr>\n<tr>\n<td>B\u1ea3o qu\u1ea3n<\/td>\n<td>B\u1ea3o qu\u1ea3n trong ng\u0103n m\u00e1t t\u1ee7 l\u1ea1nh<\/td>\n<\/tr>\n<tr>\n<th class=\"w3-blue\" colspan=\"2\">Th\u00f4ng tin \u0111\u01a1n v\u1ecb \/ nh\u00e0 s\u1ea3n xu\u1ea5t<\/th>\n<\/tr>\n<tr>\n<td>T\u00ean \u0111\u01a1n v\u1ecb:<\/td>\n<td width=\"228\">H\u1ee2P T\u00c1C X\u00c3 S\u1ea2N XU\u1ea4T V\u00c0 KINH DOANH RAU TR\u00c0 QU\u1ebe XANH<\/td>\n<\/tr>\n<tr>\n<td>Qu\u1ed1c gia:<\/td>\n<td>Vi\u1ec7t Nam<\/td>\n<\/tr>\n<tr>\n<td>T\u1ec9nh \/th\u00e0nh :<\/td>\n<td>Qu\u1ea3ng Nam<\/td>\n<\/tr>\n<tr>\n<td>\u0110\u1ecba ch\u1ec9 li\u00ean l\u1ea1c:<\/td>\n<td>Th\u00f4n Tr\u00e0 Qu\u1ebf, x\u00e3 C\u1ea9m H\u00e0, th\u00e0nh ph\u1ed1 H\u1ed9i An, t\u1ec9nh Qu\u1ea3ng Nam<\/td>\n<\/tr>\n<tr>\n<td>Email<\/td>\n<td><\/td>\n<\/tr>\n<tr>\n<td>Di \u0111\u1ed9ng:<\/td>\n<td>0905556804<\/td>\n<\/tr>\n<tr>\n<td>Website:<\/td>\n<td><a href=\"https:\/\/htxtraquexanh.com\/\">https:\/\/htxtraquexanh.com\/<\/a><\/td>\n<\/tr>\n<\/tbody>\n<\/table>\n<p><center><br \/>\n<center><img decoding=\"async\" src=\"https:\/\/img.upanh.tv\/2024\/03\/11\/IMG_0001.jpg\" width=\"370 height=\"auto\" alt=\" \" \/><br \/>\n<img decoding=\"async\" src=\"https:\/\/img.upanh.tv\/2024\/03\/11\/z5224786204112_fe28a8e3dcb8204462016d75201cdab7.jpg\" width=\"370 height=\"auto\" alt=\" \" \/><br \/>\n<img decoding=\"async\" src=\"https:\/\/img.upanh.tv\/2024\/03\/11\/z5224786204113_ab54ed3da46e90bc2a5ec1ca3abc67ab.jpg\" width=\"370 height=\"auto\" alt=\" \" \/><br \/>\n<img decoding=\"async\" src=\"https:\/\/img.upanh.tv\/2024\/03\/11\/z5224786219481_aed2056e006de338830072dfb8d5aff7.jpg\" width=\"370 height=\"auto\" alt=\" \" \/><br \/>\n<img decoding=\"async\" src=\"https:\/\/img.upanh.tv\/2024\/03\/11\/z5224786219492_53eb3be720924149b90fb98db9cb45c7.jpg\" width=\"370 height=\"auto\" alt=\" \" \/><br \/>\n<img decoding=\"async\" src=\"https:\/\/img.upanh.tv\/2024\/03\/11\/z5224786219506_aa36a9f550a86cfc6433fdd627e9466a.jpg\" width=\"370 height=\"auto\" alt=\" \" \/><br \/>\n<img decoding=\"async\" src=\"https:\/\/img.upanh.tv\/2024\/03\/11\/z5224786219508_dbd10e0b4be58eb2181da8c57d15c411.jpg\" width=\"370 height=\"auto\" alt=\" \" \/><br \/>\n<img decoding=\"async\" src=\"https:\/\/img.upanh.tv\/2024\/03\/11\/z5224787763581_17bfec2d2fb2f3b8680b5275057d4973.jpg\" width=\"370 height=\"auto\" alt=\" \" \/><br \/>\n<img decoding=\"async\" src=\"https:\/\/img.upanh.tv\/2024\/03\/11\/z5224787768318_e874a95bb87ad1618a6ff5801534babf.jpg\" width=\"370 height=\"auto\" alt=\" \" \/><br \/>\n<img decoding=\"async\" src=\"https:\/\/img.upanh.tv\/2024\/03\/11\/z5224787768329_f5e6f94604efbe98597b013cd393e0d9.jpg\" width=\"370 height=\"auto\" alt=\" \" \/><br \/>\n<img decoding=\"async\" src=\"https:\/\/img.upanh.tv\/2024\/03\/11\/z5224787779865_a7559393f4586a1ced6be12f215a0bac.jpg\" width=\"370 height=\"auto\" alt=\" \" \/><br \/>\n<img decoding=\"async\" src=\"https:\/\/img.upanh.tv\/2024\/03\/11\/z5224787779918_f453119535ae44ee25ebb17fccdf098a.jpg\" width=\"370 height=\"auto\" alt=\" \" \/><br \/>\n<img decoding=\"async\" src=\"https:\/\/img.upanh.tv\/2024\/03\/11\/z5224787779939_7afd0042ea6426bcbc4e3d1b30c0d5c0.jpg\" width=\"370 height=\"auto\" alt=\" \" \/><\/p>\n","protected":false},"featured_media":583,"comment_status":"open","ping_status":"closed","template":"","meta":[],"_links":{"self":[{"href":"https:\/\/vphcheck.com\/index.php\/wp-json\/wp\/v2\/product\/1313"}],"collection":[{"href":"https:\/\/vphcheck.com\/index.php\/wp-json\/wp\/v2\/product"}],"about":[{"href":"https:\/\/vphcheck.com\/index.php\/wp-json\/wp\/v2\/types\/product"}],"replies":[{"embeddable":true,"href":"https:\/\/vphcheck.com\/index.php\/wp-json\/wp\/v2\/comments?post=1313"}],"wp:featuredmedia":[{"embeddable":true,"href":"https:\/\/vphcheck.com\/index.php\/wp-json\/wp\/v2\/media\/583"}],"wp:attachment":[{"href":"https:\/\/vphcheck.com\/index.php\/wp-json\/wp\/v2\/media?parent=1313"}],"curies":[{"name":"wp","href":"https:\/\/api.w.org\/{rel}","templated":true}]}}