{"id":1266,"date":"2023-12-17T03:06:18","date_gmt":"2023-12-17T03:06:18","guid":{"rendered":"http:\/\/vphcheck.com\/?post_type=product&#038;p=1266"},"modified":"2023-12-17T03:06:59","modified_gmt":"2023-12-17T03:06:59","slug":"sam-ngoc-linh-ngam-mat-ong-kien-nga","status":"publish","type":"product","link":"https:\/\/vphcheck.com\/index.php\/san-pham\/sam-ngoc-linh-ngam-mat-ong-kien-nga\/","title":{"rendered":"S\u00e2m Ng\u1ecdc Linh ng\u00e2m M\u1eadt Ong &#8211; KI\u00caN NGA"},"content":{"rendered":"<p><img decoding=\"async\" class=\"aligncenter\" src=\"https:\/\/img.upanh.tv\/2023\/11\/28\/GOM-THANH-HA-300x300.jpg\" alt=\" \" width=\"370\" height=\"auto\" \/><br \/>\n<strong>H\u1ee2P T\u00c1C X\u00c3 S\u1ea2N XU\u1ea4T N\u00d4NG S\u1ea2N V\u00c0 D\u01af\u1ee2C LI\u1ec6U KI\u00caN NGA<\/strong><br \/>\n\u0110\u1ecba ch\u1ec9: Th\u00f4n 4, x\u00e3 Ph\u01b0\u1edbc Hi\u1ec7p, huy\u1ec7n Ph\u01b0\u1edbc S\u01a1n, t\u1ec9nh Qu\u1ea3ng Nam<br \/>\n\u0110i\u1ec7n tho\u1ea1i: 0915676549<br \/>\nWebsite:\u00a0<a href=\"https:\/\/duoclieukiennga.com\/\">https:\/\/duoclieukiennga.com<\/a><\/p>\n","protected":false},"excerpt":{"rendered":"<table class=\"w3-table-all\">\n<thead>\n<tr class=\"w3-blue\">\n<th colspan=\"2\">Th\u00f4ng tin s\u1ea3n ph\u1ea9m<\/th>\n<\/tr>\n<\/thead>\n<tbody>\n<tr>\n<td width=\"122\">T\u00ean s\u1ea3n ph\u1ea9m<\/td>\n<td width=\"228\">S\u00e2m Ng\u1ecdc Linh ng\u00e2m M\u1eadt Ong<\/td>\n<\/tr>\n<tr>\n<td>Th\u00e0nh ph\u1ea7n<\/td>\n<td>.\n<\/td>\n<\/tr>\n<tr>\n<td>M\u00e3 s\u1ed1 H\u1ee3p t\u00e1c x\u00e3<\/td>\n<td>4001269586<\/td>\n<\/tr>\n<tr>\n<td>Ng\u00e0y s\u1ea3n xu\u1ea5t<\/td>\n<td>Xem tr\u00ean bao b\u00ec<\/td>\n<\/tr>\n<tr>\n<td>Th\u1eddi h\u1ea1n s\u1eed d\u1ee5ng<\/td>\n<td>.<\/td>\n<\/tr>\n<tr>\n<td>Tr\u1ecdng l\u01b0\u1ee3ng<\/td>\n<td>.<\/td>\n<\/tr>\n<tr>\n<td>H\u01b0\u1edbng d\u1eabn s\u1eed d\u1ee5ng<\/td>\n<td>\n\t.\n<\/td>\n<\/tr>\n<tr>\n<td>B\u1ea3o qu\u1ea3n<\/td>\n<td>B\u1ea3o qu\u1ea3n \u1edf n\u01a1i kh\u00f4 r\u00e1o tho\u00e1ng m\u00e1t tr\u00e1nh \u00e1nh n\u1eafng tr\u1ef1c ti\u1ebfp<\/td>\n<\/tr>\n<tr>\n<th class=\"w3-blue\" colspan=\"2\">Th\u00f4ng tin \u0111\u01a1n v\u1ecb \/ nh\u00e0 s\u1ea3n xu\u1ea5t<\/th>\n<\/tr>\n<tr>\n<td>T\u00ean \u0111\u01a1n v\u1ecb:<\/td>\n<td width=\"228\">H\u1ee2P T\u00c1C X\u00c3 S\u1ea2N XU\u1ea4T N\u00d4NG S\u1ea2N V\u00c0 D\u01af\u1ee2C LI\u1ec6U KI\u00caN NGA<\/td>\n<\/tr>\n<tr>\n<td>Qu\u1ed1c gia:<\/td>\n<td>Vi\u1ec7t Nam<\/td>\n<\/tr>\n<tr>\n<td>T\u1ec9nh \/th\u00e0nh :<\/td>\n<td>Qu\u1ea3ng Nam<\/td>\n<\/tr>\n<tr>\n<td>\u0110\u1ecba ch\u1ec9 li\u00ean l\u1ea1c:<\/td>\n<td>Th\u00f4n 4, x\u00e3 Ph\u01b0\u1edbc Hi\u1ec7p, huy\u1ec7n Ph\u01b0\u1edbc S\u01a1n, t\u1ec9nh Qu\u1ea3ng Nam<\/td>\n<\/tr>\n<tr>\n<td>Email<\/td>\n<td><\/td>\n<\/tr>\n<tr>\n<td>Di \u0111\u1ed9ng:<\/td>\n<td>0915676549<\/td>\n<\/tr>\n<tr>\n<td>Website:<\/td>\n<td>https:\/\/duoclieukiennga.com<\/td>\n<\/tr>\n<\/tbody>\n<\/table>\n<p><center><\/p>\n","protected":false},"featured_media":721,"comment_status":"open","ping_status":"closed","template":"","meta":[],"_links":{"self":[{"href":"https:\/\/vphcheck.com\/index.php\/wp-json\/wp\/v2\/product\/1266"}],"collection":[{"href":"https:\/\/vphcheck.com\/index.php\/wp-json\/wp\/v2\/product"}],"about":[{"href":"https:\/\/vphcheck.com\/index.php\/wp-json\/wp\/v2\/types\/product"}],"replies":[{"embeddable":true,"href":"https:\/\/vphcheck.com\/index.php\/wp-json\/wp\/v2\/comments?post=1266"}],"wp:featuredmedia":[{"embeddable":true,"href":"https:\/\/vphcheck.com\/index.php\/wp-json\/wp\/v2\/media\/721"}],"wp:attachment":[{"href":"https:\/\/vphcheck.com\/index.php\/wp-json\/wp\/v2\/media?parent=1266"}],"curies":[{"name":"wp","href":"https:\/\/api.w.org\/{rel}","templated":true}]}}