{"id":1199,"date":"2023-11-22T12:43:27","date_gmt":"2023-11-22T12:43:27","guid":{"rendered":"http:\/\/vphcheck.com\/?post_type=product&#038;p=1199"},"modified":"2023-11-30T13:42:35","modified_gmt":"2023-11-30T13:42:35","slug":"cssx-kinh-doanh-linh-trang-thao-moc-ngam-chan","status":"publish","type":"product","link":"https:\/\/vphcheck.com\/index.php\/san-pham\/cssx-kinh-doanh-linh-trang-thao-moc-ngam-chan\/","title":{"rendered":"CSSX Kinh doanh Linh Trang &#8211; Th\u1ea3o m\u1ed9c ng\u00e2m ch\u00e2n"},"content":{"rendered":"<p style=\"text-align: center;\">\n<img decoding=\"async\" class=\"alignnone wp-image-745\" src=\"https:\/\/img.upanh.tv\/2023\/11\/22\/z4458469741818_abad150a344285226961cebc8338d203.jpg\" alt=\"\" width=\"360\" height=\"auto\" \/><\/p>\n","protected":false},"excerpt":{"rendered":"<table class=\"w3-table-all\">\n<thead>\n<tr class=\"w3-blue\">\n<th colspan=\"2\">Th\u00f4ng tin s\u1ea3n ph\u1ea9m<\/th>\n<\/tr>\n<\/thead>\n<tbody>\n<tr>\n<td width=\"122\">T\u00ean s\u1ea3n ph\u1ea9m<\/td>\n<td width=\"228\">Th\u1ea3o m\u1ed9c ng\u00e2m ch\u00e2n <\/td>\n<\/tr>\n<tr>\n<td>Th\u00e0nh ph\u1ea7n<\/td>\n<td>Qu\u1ebf, g\u1eebng, ng\u1ea3i c\u1ee9u, tr\u00e0 xanh, s\u1ea3, l\u00e1 l\u1ed1t, d\u00e2y \u0111au x\u01b0\u01a1ng, thi\u00ea ni\u00ean ki\u1ec7n, b\u01b0\u1edfi v\u00e0 c\u00e1c lo\u1ea1i th\u1ea3o d\u01b0\u1ee3c kh\u00e1c\n<\/td>\n<\/tr>\n<tr>\n<td>Gi\u1ea5y \u0111\u0103ng k\u00ed kinh doanh<\/td>\n<td>33H8007750<\/td>\n<\/tr>\n<tr>\n<td>Ng\u00e0y s\u1ea3n xu\u1ea5t<\/td>\n<td>Xem tr\u00ean bao b\u00ec<\/td>\n<\/tr>\n<tr>\n<td>Th\u1eddi h\u1ea1n s\u1eed d\u1ee5ng<\/td>\n<td>24 th\u00e1ng (03 th\u00e1ng sau khi m\u1edf bao b\u00ec)<\/td>\n<\/tr>\n<tr>\n<td>Tr\u1ecdng l\u01b0\u1ee3ng<\/td>\n<td>30 g\u00f3i \/ 10g<\/td>\n<\/tr>\n<tr>\n<td>H\u01b0\u1edbng d\u1eabn s\u1eed d\u1ee5ng<\/td>\n<td>\n<ul>\n<li>M\u1ed7i l\u1ea7n 01 g\u00f3i cho v\u00e0o 01 l\u00edt n\u01b0\u1edbc s\u00f4i, h\u00e3m trong v\u00f2ng 5-7 ph\u00fat. Sau \u0111\u00f3 h\u00f2a th\u00eam n\u01b0\u1edbc l\u1ea1nh \u0111\u1ec3 nhi\u1ec7t \u0111\u1ed9 n\u01b0\u1edbc ng\u00e2m kho\u1ea3ng 35-40 \u0111\u1ed9 C, cho ch\u00e2n v\u00e0o ng\u00e2m trong v\u00f2ng 20 ph\u00fat. <\/li>\n<li>Lau kh\u00f4 ch\u00e2n. <\/li>\n<li>C\u00f3 th\u1ec3 cho th\u00eam 1 \u00edt mu\u1ed1i v\u00e0o ch\u1eadu ng\u00e2m ch\u00e2n.<\/li>\n<\/ul>\n<\/td>\n<\/tr>\n<tr>\n<td>B\u1ea3o qu\u1ea3n<\/td>\n<td>B\u1ea3o qu\u1ea3n \u1edf n\u01a1i kh\u00f4 r\u00e1o tho\u00e1ng m\u00e1t, tr\u00e1nh \u00e1nh n\u1eafng tr\u1ef1c ti\u1ebfp. \u0110\u1eady k\u00edn t\u00fai sau khi s\u1eed d\u1ee5ng<\/td>\n<\/tr>\n<tr>\n<th class=\"w3-blue\" colspan=\"2\">Th\u00f4ng tin \u0111\u01a1n v\u1ecb \/ nh\u00e0 s\u1ea3n xu\u1ea5t<\/th>\n<\/tr>\n<tr>\n<td>T\u00ean \u0111\u01a1n v\u1ecb:<\/td>\n<td width=\"228\">C\u01a0 S\u1ede S\u1ea2N XU\u1ea4T KINH DOANH LINH TRANG <\/td>\n<\/tr>\n<tr>\n<td>Qu\u1ed1c gia:<\/td>\n<td>Vi\u1ec7t Nam<\/td>\n<\/tr>\n<tr>\n<td>T\u1ec9nh \/th\u00e0nh :<\/td>\n<td>Qu\u1ea3ng Nam<\/td>\n<\/tr>\n<tr>\n<td>\u0110\u1ecba ch\u1ec9 li\u00ean l\u1ea1c:<\/td>\n<td>T\u1ed5 2, th\u00f4n Ng\u1ecdc S\u01a1n T\u00e2y, x\u00e3 B\u00ecnh Ph\u1ee5c, Th\u0103ng B\u00ecnh, Qu\u1ea3ng Nam<\/td>\n<\/tr>\n<tr>\n<td>Email<\/td>\n<td><\/td>\n<\/tr>\n<tr>\n<td>Di \u0111\u1ed9ng:<\/td>\n<td>0788545567<\/td>\n<\/tr>\n<tr>\n<td>Website:<\/td>\n<td><\/td>\n<\/tr>\n<\/tbody>\n<\/table>\n<p style=\"text-align: center;\">\n<img decoding=\"async\" class=\"alignnone wp-image-745\" src=\"https:\/\/img.upanh.tv\/2023\/11\/22\/z4458469741818_abad150a344285226961cebc8338d203.jpg\" alt=\"\" width=\"360\" height=\"auto\" \/><br \/>\n<img decoding=\"async\" class=\"alignnone wp-image-745\" src=\"https:\/\/img.upanh.tv\/2023\/11\/22\/z4458469742946_795bd0826439d1845ecb1154c3206747.jpg\" alt=\"\" width=\"360\" height=\"auto\" \/><br \/>\n<img decoding=\"async\" class=\"alignnone wp-image-745\" src=\"https:\/\/img.upanh.tv\/2023\/11\/22\/z4458469742947_02410017b8aa7d1c8c048f9efc2cfba8.jpg\" alt=\"\" width=\"360\" height=\"auto\" \/><br \/>\n<img decoding=\"async\" class=\"alignnone wp-image-745\" src=\"https:\/\/img.upanh.tv\/2023\/11\/22\/z4458469748901_9fa596cd93e19de42acebab65be1998c.jpg\" alt=\"\" width=\"360\" height=\"auto\" \/><\/p>\n","protected":false},"featured_media":0,"comment_status":"open","ping_status":"closed","template":"","meta":[],"_links":{"self":[{"href":"https:\/\/vphcheck.com\/index.php\/wp-json\/wp\/v2\/product\/1199"}],"collection":[{"href":"https:\/\/vphcheck.com\/index.php\/wp-json\/wp\/v2\/product"}],"about":[{"href":"https:\/\/vphcheck.com\/index.php\/wp-json\/wp\/v2\/types\/product"}],"replies":[{"embeddable":true,"href":"https:\/\/vphcheck.com\/index.php\/wp-json\/wp\/v2\/comments?post=1199"}],"wp:attachment":[{"href":"https:\/\/vphcheck.com\/index.php\/wp-json\/wp\/v2\/media?parent=1199"}],"curies":[{"name":"wp","href":"https:\/\/api.w.org\/{rel}","templated":true}]}}