{"id":1133,"date":"2023-07-16T00:47:40","date_gmt":"2023-07-16T00:47:40","guid":{"rendered":"http:\/\/vphcheck.com\/?post_type=product&#038;p=1133"},"modified":"2025-04-26T01:21:01","modified_gmt":"2025-04-26T01:21:01","slug":"ho-kinh-doanh-mai-ba-nghi","status":"publish","type":"product","link":"https:\/\/vphcheck.com\/index.php\/san-pham\/ho-kinh-doanh-mai-ba-nghi\/","title":{"rendered":"H\u1ed9 kinh doanh Mai B\u00e1 Nghi"},"content":{"rendered":"<h4 style=\"text-align: center;\"><span style=\"color: #0085fa;\"><strong>TH\u00d4NG TIN S\u1ea2N PH\u1ea8M<\/strong><\/span><\/h4>\n<p><center><br \/>\n<img decoding=\"async\" src=\"https:\/\/img.upanh.tv\/2023\/07\/16\/cheday.jpg\" alt=\"tram-huong.png\" width=\"370\" height=\"auto\" border=\"0\" \/><br \/>\nH\u1ed8 KINH DOANH MAI B\u00c1 NGHI<\/center><\/p>\n<h4 style=\"text-align: center;\"><span style=\"color: #0085fa;\"><strong>TH\u01af VI\u1ec6N \u1ea2NH<\/strong><\/span><\/h4>\n<p><img decoding=\"async\" src=\"https:\/\/img.upanh.tv\/2023\/07\/16\/z4488899538437_1bdda033172842aa6a58ef0fcfa26c8d.jpg\" alt=\"z4488899538437_1bdda033172842aa6a58ef0fcfa26c8d.jpg\" width=\"370\" height=\"auto\" border=\"0\"><br \/>\n<img decoding=\"async\" src=\"https:\/\/img.upanh.tv\/2023\/07\/16\/z4488899562431_bdb4c4122e99b51215e46277bc312184.jpg\" alt=\"z4488899562431_bdb4c4122e99b51215e46277bc312184.jpg\" width=\"370\" height=\"auto\" border=\"0\"><br \/>\n<img decoding=\"async\" src=\"https:\/\/img.upanh.tv\/2023\/07\/16\/z4488899566114_3750bef619d5df343995756eef747e1f.jpg\" alt=\"z4488899566114_3750bef619d5df343995756eef747e1f.jpg\" width=\"370\" height=\"auto\" border=\"0\"><br \/>\n<img decoding=\"async\" src=\"https:\/\/img.upanh.tv\/2023\/07\/16\/z4488899520004_95f13a9e276ff594e55a0ee306fcb93b.jpg\" alt=\"z4488899566114_3750bef619d5df343995756eef747e1f.jpg\" width=\"370\" height=\"auto\" border=\"0\"><\/p>\n<h4 style=\"text-align: center;\"><span style=\"color: #0085fa;\"><strong>LI\u00caN H\u1ec6<\/strong><\/span><\/h4>\n<p>H\u1ed8 KINH DOANH MAI B\u00c1 NGHI.<br \/>\n\u0110\u1ecba ch\u1ec9: Th\u00f4n Ph\u00fa Qu\u00fd 3, x\u00e3 Tam M\u1ef9 \u0110\u00f4ng, huy\u1ec7n N\u00fai Th\u00e0nh, t\u1ec9nh Qu\u1ea3ng Nam.<br \/>\n\u0110i\u1ec7n tho\u1ea1i: 0372955341<\/p>\n","protected":false},"excerpt":{"rendered":"<p>TH\u00d4NG TIN S\u1ea2N PH\u1ea8M H\u1ed8 KINH DOANH MAI B\u00c1 NGHI TH\u01af VI\u1ec6N \u1ea2NH LI\u00caN H\u1ec6 H\u1ed8 KINH DOANH MAI B\u00c1 NGHI. \u0110\u1ecba ch\u1ec9: Th\u00f4n Ph\u00fa Qu\u00fd 3, x\u00e3 Tam M\u1ef9 \u0110\u00f4ng, huy\u1ec7n N\u00fai Th\u00e0nh, t\u1ec9nh Qu\u1ea3ng Nam. \u0110i\u1ec7n tho\u1ea1i: 0372955341<\/p>\n","protected":false},"featured_media":396,"comment_status":"open","ping_status":"closed","template":"","meta":[],"_links":{"self":[{"href":"https:\/\/vphcheck.com\/index.php\/wp-json\/wp\/v2\/product\/1133"}],"collection":[{"href":"https:\/\/vphcheck.com\/index.php\/wp-json\/wp\/v2\/product"}],"about":[{"href":"https:\/\/vphcheck.com\/index.php\/wp-json\/wp\/v2\/types\/product"}],"replies":[{"embeddable":true,"href":"https:\/\/vphcheck.com\/index.php\/wp-json\/wp\/v2\/comments?post=1133"}],"wp:featuredmedia":[{"embeddable":true,"href":"https:\/\/vphcheck.com\/index.php\/wp-json\/wp\/v2\/media\/396"}],"wp:attachment":[{"href":"https:\/\/vphcheck.com\/index.php\/wp-json\/wp\/v2\/media?parent=1133"}],"curies":[{"name":"wp","href":"https:\/\/api.w.org\/{rel}","templated":true}]}}