{"id":801,"date":"2019-11-22T13:25:09","date_gmt":"2019-11-22T13:25:09","guid":{"rendered":"http:\/\/vphcheck.com\/?post_type=product&#038;p=801"},"modified":"2020-09-13T17:49:40","modified_gmt":"2020-09-13T17:49:40","slug":"cssx-hanosa-nam-tra-my","status":"publish","type":"product","link":"http:\/\/vphcheck.com\/index.php\/san-pham\/cssx-hanosa-nam-tra-my\/","title":{"rendered":"CSSX HANOSA Nam Tr\u00e0 My"},"content":{"rendered":"<ul>\n<li>C\u01a1 s\u1edf s\u1ea3n xu\u1ea5t HANOSA NAM TR\u00c0 MY<\/li>\n<li>\u0110\u1ecba ch\u1ec9 th\u00f4n 01, x\u00e3 Tr\u00e0 Mai, huy\u1ec7n Nam Tr\u00e0 My<\/li>\n<li>Chuy\u00ean cung c\u1ea5p: c\u00e1c m\u1eb7t h\u00e0ng n\u00f4ng s\u1ea3n, c\u00e2y d\u01b0\u1ee3c li\u1ec7u qu\u00fd hi\u1ebfm, s\u00e2m ng\u1ecdc linh<\/li>\n<\/ul>\n","protected":false},"excerpt":{"rendered":"<p>\u0110ang c\u1eadp nh\u1eadt th\u00f4ng tin s\u1ea3n ph\u1ea9m<\/p>\n","protected":false},"featured_media":802,"comment_status":"open","ping_status":"closed","template":"","meta":[],"_links":{"self":[{"href":"http:\/\/vphcheck.com\/index.php\/wp-json\/wp\/v2\/product\/801"}],"collection":[{"href":"http:\/\/vphcheck.com\/index.php\/wp-json\/wp\/v2\/product"}],"about":[{"href":"http:\/\/vphcheck.com\/index.php\/wp-json\/wp\/v2\/types\/product"}],"replies":[{"embeddable":true,"href":"http:\/\/vphcheck.com\/index.php\/wp-json\/wp\/v2\/comments?post=801"}],"wp:featuredmedia":[{"embeddable":true,"href":"http:\/\/vphcheck.com\/index.php\/wp-json\/wp\/v2\/media\/802"}],"wp:attachment":[{"href":"http:\/\/vphcheck.com\/index.php\/wp-json\/wp\/v2\/media?parent=801"}],"curies":[{"name":"wp","href":"https:\/\/api.w.org\/{rel}","templated":true}]}}