{"id":315,"date":"2018-07-10T07:15:04","date_gmt":"2018-07-10T07:15:04","guid":{"rendered":"http:\/\/vphcheck.com\/?post_type=product&#038;p=315"},"modified":"2025-02-26T07:59:26","modified_gmt":"2025-02-26T07:59:26","slug":"sam-ngoc-linh-doanh-nghiep-8","status":"publish","type":"product","link":"http:\/\/vphcheck.com\/index.php\/san-pham\/sam-ngoc-linh-doanh-nghiep-8\/","title":{"rendered":"S\u00e2m Ng\u1ecdc Linh &#8211; H\u1ed8 KINH DOANH PH\u1ea0M T\u1ea4N PHI"},"content":{"rendered":"<p><center><img decoding=\"async\" class=\"alignnone wp-image-745\" src=\"http:\/\/vphcheck.com\/wp-content\/uploads\/2018\/12\/1-rau-tuy-loan-300x300.jpg\" alt=\"\" width=\"350\" height=\"auto\" \/><br \/>\n<img decoding=\"async\" class=\"alignnone wp-image-745\" src=\"https:\/\/i.upanh.org\/2025\/02\/26\/z6352069889657_756858d3dff60645140d5caf9521d6b8f0d4db91d1db3f18.jpg\" alt=\"\" width=\"350\" height=\"auto\" \/><\/p>\n","protected":false},"excerpt":{"rendered":"<table class=\"w3-table-all\">\n<thead>\n<tr class=\"w3-blue\">\n<th colspan=\"2\">Th\u00f4ng tin s\u1ea3n ph\u1ea9m<\/th>\n<\/tr>\n<\/thead>\n<tbody>\n<tr>\n<td width=\"122\">T\u00ean s\u1ea3n ph\u1ea9m<\/td>\n<td width=\"228\">C\u1ee6 S\u00c2M NG\u1eccC LINH<\/td>\n<\/tr>\n<tr>\n<td>Th\u00e0nh ph\u1ea7n<\/td>\n<td>C\u1ee7 S\u00e2m ng\u1ecdc Linh nguy\u00ean ch\u1ea5t 100% <\/td>\n<\/tr>\n<tr>\n<td>Gi\u1ea5y \u0110KKD<\/td>\n<td>33L8000389<\/td>\n<\/tr>\n<tr>\n<td>Ng\u00e0y s\u1ea3n xu\u1ea5t<\/td>\n<td><\/td>\n<\/tr>\n<tr>\n<td>Th\u1eddi h\u1ea1n s\u1eed d\u1ee5ng<\/td>\n<td><\/td>\n<\/tr>\n<tr>\n<td>V\u00f9ng tr\u1ed3ng<\/td>\n<td>\u0110\u0103k choon, \u0110\u0103k lay, Kon Tum<br \/>\nPh\u01b0\u1edbc L\u1ed9c, Ph\u01b0\u1edbc S\u01a1n, Qu\u1ea3ng Nam<\/td>\n<\/tr>\n<tr>\n<td>C\u00f4ng d\u1ee5ng \/ H\u01b0\u1edbng d\u1eabn s\u1eed d\u1ee5ng<\/td>\n<td>\n<ul>\n<li>T\u0103ng c\u01b0\u1eddng mi\u1ec5n d\u1ecbch cho c\u01a1 th\u1ec3.<\/li>\n<li>T\u0103ng c\u01b0\u1eddng n\u0103ng l\u01b0\u1ee3ng v\u00e0 gi\u1ea3m m\u1ec7t m\u1ecfi.<\/li>\n<li>T\u0103ng c\u01b0\u1eddng ch\u1ee9c n\u0103ng nh\u1eadn th\u1ee9c v\u00e0 kh\u1ea3 n\u0103ng t\u1eadp trung.<\/li>\n<li>T\u0103ng c\u01b0\u1eddng s\u1ee9c kho\u1ebb t\u1ed5ng th\u1ec3.<\/li>\n<li>H\u1ed7 tr\u1ee3 s\u1ee9c kh\u1ecfe tim m\u1ea1ch.<\/li>\n<li>Ph\u00f2ng ng\u1eeba l\u00e3o ho\u00e1, ch\u1ed1ng l\u1ea1i c\u00e1c t\u00e1c h\u1ea1i c\u1ee7a c\u00e1c g\u1ed1c t\u1ef1 do t\u1eeb b\u00ean ngo\u00e0i.<\/li>\n<\/ul>\n<\/td>\n<\/tr>\n<tr>\n<td>B\u1ea3o qu\u1ea3n<\/td>\n<td>B\u1ea3o qu\u1ea3n \u1edf n\u01a1i kh\u00f4 r\u00e1o tho\u00e1ng m\u00e1t, tr\u00e1nh \u00e1nh n\u1eafng tr\u1ef1c ti\u1ebfp.<\/td>\n<\/tr>\n<tr>\n<th class=\"w3-blue\" colspan=\"2\">Th\u00f4ng tin \u0111\u01a1n v\u1ecb \/ nh\u00e0 s\u1ea3n xu\u1ea5t<\/th>\n<\/tr>\n<tr>\n<td>T\u00ean \u0111\u01a1n v\u1ecb:<\/td>\n<td width=\"228\">H\u1ed8 KINH DOANH PH\u1ea0M T\u1ea4N PHI &#8211; NH\u00c0 H\u00c0NG H\u1eeeU \u0110\u1ea0T<\/td>\n<\/tr>\n<tr>\n<td>Qu\u1ed1c gia:<\/td>\n<td>Vi\u1ec7t Nam<\/td>\n<\/tr>\n<tr>\n<td>T\u1ec9nh \/th\u00e0nh :<\/td>\n<td>Qu\u1ea3ng Nam<\/td>\n<\/tr>\n<tr>\n<td>\u0110\u1ecba ch\u1ec9 li\u00ean l\u1ea1c:<\/td>\n<td>85 Nguy\u1ec5n V\u0103n Linh, th\u1ecb tr\u1ea5n Kh\u00e2m \u0110\u1ee9c, huy\u1ec7n Ph\u01b0\u1edbc S\u01a1n, t\u1ec9nh Qu\u1ea3ng Nam<\/td>\n<\/tr>\n<tr>\n<td>Email<\/td>\n<td>phamtanphi@gmail.com<\/td>\n<\/tr>\n<tr>\n<td>Di \u0111\u1ed9ng:<\/td>\n<td>0978526452<\/td>\n<\/tr>\n<tr>\n<td>Website:<\/td>\n<td><\/td>\n<\/tr>\n<\/tbody>\n<\/table>\n<p style=\"text-align: center;\">\n<img decoding=\"async\" class=\"size-medium wp-image-219 aligncenter\" src=\"https:\/\/i.upanh.org\/2025\/02\/26\/z6212143721558_fd27dfb0440e0c61f9e5e6792c93828376e0eadc3e9d9755.jpg\" alt=\"\" width=\"350\" height=\"auto\" \/><br \/>\n<img decoding=\"async\" class=\"size-medium wp-image-219 aligncenter\" src=\"https:\/\/i.upanh.org\/2025\/02\/26\/z6322328113032_da010a3258662ae1e43e905ed45774811d1ec4c5044e5b6d.jpg\" alt=\"\" width=\"350\" height=\"auto\" \/><br \/>\n<img decoding=\"async\" class=\"size-medium wp-image-219 aligncenter\" src=\"https:\/\/i.upanh.org\/2025\/02\/26\/z6322328163923_bd362a71e1cf330e95b6440a21fe02721cf14f5015477d14.jpg\" alt=\"\" width=\"350\" height=\"auto\" \/><br \/>\n<img decoding=\"async\" class=\"size-medium wp-image-219 aligncenter\" src=\"http:\/\/vphcheck.com\/wp-content\/uploads\/2018\/04\/sam-1-300x234.jpg\" alt=\"\" width=\"350\" height=\"auto\" srcset=\"http:\/\/vphcheck.com\/wp-content\/uploads\/2018\/04\/sam-1-300x234.jpg 300w, http:\/\/vphcheck.com\/wp-content\/uploads\/2018\/04\/sam-1.jpg 600w\" sizes=\"(max-width: 300px) 100vw, 300px\" \/><\/p>\n<p style=\"text-align: center;\">Hi\u0300nh s\u00e2m nu\u0301i Ngo\u0323c Linh h\u01a1n 100 tu\u00f4\u0309i<\/p>\n<blockquote>\n<p> &#8211; S\u00e2m Ng\u1ecdc Linh l\u00e0 01 lo\u00e0i Nh\u00e2n S\u00e2m \u0111\u1eb7c bi\u1ec7t qu\u00fd hi\u1ebfm ch\u1ec9 c\u00f3 \u1edf Vi\u1ec7t Nam.<br \/>\n &#8211; S\u00e2m Ng\u1ecdc Linh ch\u1ee9a <strong>52<\/strong> h\u1ee3p ch\u1ea5t saponin nh\u01b0: Ginsenosid Rb1, Rd, Rg1, Majonosid R2\u2026Trong \u0111\u00f3, ch\u1ec9 c\u00f3 <strong>26<\/strong> saponin th\u01b0\u1eddng th\u1ea5y \u1edf s\u00e2m Tri\u1ec1u Ti\u00ean, s\u00e2m M\u1ef9 v\u00e0 s\u00e2m Nh\u1eadt&#8230; v\u00e0 <strong>26<\/strong> saponin m\u1edbi ch\u1ec9 c\u00f3 trong S\u00e2m Ng\u1ecdc Linh <em>(\u0111i\u00ea\u0309m kha\u0301c bi\u00ea\u0323t so v\u01a1\u0301i s\u00e2m n\u00f4\u0309i ti\u00ea\u0301ng tr\u00ean th\u00ea\u0301 gi\u01a1\u0301i).<\/em><\/p>\n<p> &#8211; Ngo\u00e0i ra, S\u00e2m Ng\u1ecdc Linh c\u00f2n ch\u1ee9a c\u00e1c h\u1ee3p ch\u1ea5t c\u00f3 gi\u00e1 tr\u1ecb kh\u00e1c nh\u01b0: Polyacetylene, acid b\u00e9o, tinh d\u1ea7u, acid amin v\u00e0 c\u00e1c nguy\u00ean t\u1ed1 vi l\u01b0\u1ee3ng c\u00f3 gi\u00e1 tr\u1ecb sinh h\u1ecdc nh\u01b0: K, Na,Ca, Mg, Fe, Mn, Cu, Co&#8230;.\n<\/p><\/blockquote>\n","protected":false},"featured_media":179,"comment_status":"open","ping_status":"closed","template":"","meta":[],"_links":{"self":[{"href":"http:\/\/vphcheck.com\/index.php\/wp-json\/wp\/v2\/product\/315"}],"collection":[{"href":"http:\/\/vphcheck.com\/index.php\/wp-json\/wp\/v2\/product"}],"about":[{"href":"http:\/\/vphcheck.com\/index.php\/wp-json\/wp\/v2\/types\/product"}],"replies":[{"embeddable":true,"href":"http:\/\/vphcheck.com\/index.php\/wp-json\/wp\/v2\/comments?post=315"}],"wp:featuredmedia":[{"embeddable":true,"href":"http:\/\/vphcheck.com\/index.php\/wp-json\/wp\/v2\/media\/179"}],"wp:attachment":[{"href":"http:\/\/vphcheck.com\/index.php\/wp-json\/wp\/v2\/media?parent=315"}],"curies":[{"name":"wp","href":"https:\/\/api.w.org\/{rel}","templated":true}]}}