{"id":1340,"date":"2024-04-22T14:05:15","date_gmt":"2024-04-22T14:05:15","guid":{"rendered":"http:\/\/vphcheck.com\/?post_type=product&#038;p=1340"},"modified":"2026-04-17T02:46:49","modified_gmt":"2026-04-17T02:46:49","slug":"ngu-coc-duy-oanh-sen-kho-tra-ly","status":"publish","type":"product","link":"http:\/\/vphcheck.com\/index.php\/san-pham\/ngu-coc-duy-oanh-sen-kho-tra-ly\/","title":{"rendered":"Ng\u0169 C\u1ed1c Duy Oanh &#8211; SEN S\u1ea4Y KH\u00d4"},"content":{"rendered":"<table class=\"w3-table-all\">\n<thead>\n<tr class=\"w3-blue\">\n<th colspan=\"2\">Th\u00f4ng tin s\u1ea3n ph\u1ea9m<\/th>\n<\/tr>\n<\/thead>\n<tbody>\n<tr>\n<td width=\"122\">T\u00ean s\u1ea3n ph\u1ea9m<\/td>\n<td width=\"228\">SEN S\u1ea4Y KH\u00d4<\/td>\n<\/tr>\n<tr>\n<td>Th\u00e0nh ph\u1ea7n<\/td>\n<td>100% H\u1ea1t sen t\u01b0\u01a1i Tr\u00e0 L\u00fd \u0111\u00e3 \u0111\u01b0\u1ee3c ph\u01a1i s\u1ea5y kh\u00f4<\/td>\n<\/tr>\n<tr>\n<td>S\u1ed1 CBCL<\/td>\n<td>05\/HTXDUYOANH\/2024<\/td>\n<\/tr>\n<tr>\n<td>Ng\u00e0y s\u1ea3n xu\u1ea5t<\/td>\n<td>Xem tr\u00ean bao b\u00ec<\/td>\n<\/tr>\n<tr>\n<td>Th\u1eddi h\u1ea1n s\u1eed d\u1ee5ng<\/td>\n<td>12 th\u00e1ng k\u1ec3 t\u1eeb ng\u00e0y s\u1ea3n xu\u1ea5t<\/td>\n<\/tr>\n<tr>\n<td>Tr\u1ecdng l\u01b0\u1ee3ng<\/td>\n<td>500gam<\/td>\n<\/tr>\n<tr>\n<td>H\u01b0\u1edbng d\u1eabn s\u1eed d\u1ee5ng<\/td>\n<td>L\u1ea5y m\u1ed9t l\u01b0\u1ee3ng sen s\u1ea5y kh\u00f4 v\u1eeba \u0111\u1ee7 \u0111un s\u00f4i v\u1edbi n\u01b0\u1edbc l\u1ecdc cho \u0111\u1ebfn khi sen ch\u00edn m\u1ec1m, c\u00f3 th\u1ec3 th\u00eam \u0111\u01b0\u1eddng, t\u00e1o \u0111\u1ecf n\u1ebfu th\u00edch<\/td>\n<\/tr>\n<tr>\n<td>B\u1ea3o qu\u1ea3n<\/td>\n<td>B\u1ea3o qu\u1ea3n n\u01a1i kh\u00f4 r\u00e1o tho\u00e1ng m\u00e1t, \u0111\u1eady n\u1eafp k\u1ef9 sau khi s\u1eed d\u1ee5ng<\/td>\n<\/tr>\n<tr>\n<th class=\"w3-blue\" colspan=\"2\">Th\u00f4ng tin \u0111\u01a1n v\u1ecb \/ nh\u00e0 s\u1ea3n xu\u1ea5t<\/th>\n<\/tr>\n<tr>\n<td>T\u00ean \u0111\u01a1n v\u1ecb:<\/td>\n<td width=\"228\"><strong>H\u1ee2P T\u00c1C X\u00c3 N\u00d4NG NGHI\u1ec6P XANH DUY OANH<\/strong><\/td>\n<\/tr>\n<tr>\n<td>Qu\u1ed1c gia:<\/td>\n<td>Vi\u1ec7t Nam<\/td>\n<\/tr>\n<tr>\n<td>T\u1ec9nh \/th\u00e0nh :<\/td>\n<td>\u0110\u00e0 N\u1eb5ng<\/td>\n<\/tr>\n<tr>\n<td>\u0110\u1ecba ch\u1ec9<\/td>\n<td>Th\u00f4n Ki\u1ec7u Ch\u00e2u, x\u00e3 Duy Xuy\u00ean, th\u00e0nh ph\u1ed1 \u0110\u00e0 N\u1eb5ng<\/td>\n<\/tr>\n<tr>\n<td>\u0110i\u1ec7n tho\u1ea1i:<\/td>\n<td>0931979239<\/td>\n<\/tr>\n<tr>\n<td>Email:<\/td>\n<td>ngucocduyoanh68@gmail.com<\/td>\n<\/tr>\n<tr>\n<td>Website:<\/td>\n<td>https:\/\/ngucocduyoanh.com<\/td>\n<\/tr>\n<tr>\n<td>Gi\u00e1m \u0111\u1ed1c<\/td>\n<td>Ph\u1ea1m Th\u1ecb Duy M\u1ef9<\/td>\n<\/tr>\n<\/tbody>\n<\/table>\n<p>&nbsp;<\/p>\n","protected":false},"excerpt":{"rendered":"<p>Th\u00f4ng tin s\u1ea3n ph\u1ea9m T\u00ean s\u1ea3n ph\u1ea9m SEN S\u1ea4Y KH\u00d4 Th\u00e0nh ph\u1ea7n 100% H\u1ea1t sen t\u01b0\u01a1i Tr\u00e0 L\u00fd \u0111\u00e3 \u0111\u01b0\u1ee3c ph\u01a1i s\u1ea5y kh\u00f4 S\u1ed1 CBCL 05\/HTXDUYOANH\/2024 Ng\u00e0y s\u1ea3n xu\u1ea5t Xem tr\u00ean bao b\u00ec Th\u1eddi h\u1ea1n s\u1eed d\u1ee5ng 12 th\u00e1ng k\u1ec3 t\u1eeb ng\u00e0y s\u1ea3n xu\u1ea5t Tr\u1ecdng l\u01b0\u1ee3ng 500gam H\u01b0\u1edbng d\u1eabn s\u1eed d\u1ee5ng L\u1ea5y m\u1ed9t l\u01b0\u1ee3ng sen [&hellip;]<\/p>\n","protected":false},"featured_media":663,"comment_status":"open","ping_status":"closed","template":"","meta":[],"_links":{"self":[{"href":"http:\/\/vphcheck.com\/index.php\/wp-json\/wp\/v2\/product\/1340"}],"collection":[{"href":"http:\/\/vphcheck.com\/index.php\/wp-json\/wp\/v2\/product"}],"about":[{"href":"http:\/\/vphcheck.com\/index.php\/wp-json\/wp\/v2\/types\/product"}],"replies":[{"embeddable":true,"href":"http:\/\/vphcheck.com\/index.php\/wp-json\/wp\/v2\/comments?post=1340"}],"wp:featuredmedia":[{"embeddable":true,"href":"http:\/\/vphcheck.com\/index.php\/wp-json\/wp\/v2\/media\/663"}],"wp:attachment":[{"href":"http:\/\/vphcheck.com\/index.php\/wp-json\/wp\/v2\/media?parent=1340"}],"curies":[{"name":"wp","href":"https:\/\/api.w.org\/{rel}","templated":true}]}}