{"id":1204,"date":"2023-11-22T13:40:35","date_gmt":"2023-11-22T13:40:35","guid":{"rendered":"http:\/\/vphcheck.com\/?post_type=product&#038;p=1204"},"modified":"2023-11-30T13:34:01","modified_gmt":"2023-11-30T13:34:01","slug":"hop-tac-xa-nong-nghiep-binh-dao","status":"publish","type":"product","link":"http:\/\/vphcheck.com\/index.php\/san-pham\/hop-tac-xa-nong-nghiep-binh-dao\/","title":{"rendered":"H\u1ee2P T\u00c1C X\u00c3 N\u00d4NG NGHI\u1ec6P B\u00ccNH \u0110\u00c0O"},"content":{"rendered":"<p><Center><img decoding=\"async\" class=\"aligncenter\" src=\"https:\/\/img.upanh.tv\/2023\/11\/30\/RONG-MUT-TAM-HAI.jpg\" alt=\" \" width=\"370\" height=\"auto\" \/><br \/><\/center><\/p>\n","protected":false},"excerpt":{"rendered":"<p>H\u1ee2P T\u00c1C X\u00c3 N\u00d4NG NGHI\u1ec6P B\u00ccNH \u0110\u00c0O<br \/>\n\u0110\u1ecba ch\u1ec9: T\u1ed5 5, Th\u00f4n Tr\u00e0 \u0110\u00f3a 1, x\u00e3 B\u00ecnh \u0110\u00e0o, huy\u1ec7n Th\u0103ng B\u00ecnh, t\u1ec9nh Qu\u1ea3ng Nam<br \/>\n\u0110i\u1ec7n tho\u1ea1i: 0905968757<br \/>\n<center><br \/>\n<img decoding=\"async\" class=\"aligncenter\" src=\"https:\/\/img.upanh.tv\/2023\/11\/30\/001.jpg\" alt=\" \" width=\"370\" height=\"auto\" \/><\/p>\n<p><img decoding=\"async\" class=\"aligncenter\" src=\"https:\/\/img.upanh.tv\/2023\/11\/30\/002.jpg\" alt=\" \" width=\"370\" height=\"auto\" \/><\/p>\n<p><img decoding=\"async\" class=\"aligncenter\" src=\"https:\/\/img.upanh.tv\/2023\/11\/30\/003.jpg\" alt=\" \" width=\"370\" height=\"auto\" \/><\/p>\n<p><img decoding=\"async\" class=\"aligncenter\" src=\"https:\/\/img.upanh.tv\/2023\/11\/30\/004.jpg\" alt=\" \" width=\"370\" height=\"auto\" \/><\/p>\n<p><img decoding=\"async\" class=\"aligncenter\" src=\"https:\/\/img.upanh.tv\/2023\/11\/30\/005.jpg\" alt=\" \" width=\"370\" height=\"auto\" \/><\/p>\n","protected":false},"featured_media":711,"comment_status":"open","ping_status":"closed","template":"","meta":[],"_links":{"self":[{"href":"http:\/\/vphcheck.com\/index.php\/wp-json\/wp\/v2\/product\/1204"}],"collection":[{"href":"http:\/\/vphcheck.com\/index.php\/wp-json\/wp\/v2\/product"}],"about":[{"href":"http:\/\/vphcheck.com\/index.php\/wp-json\/wp\/v2\/types\/product"}],"replies":[{"embeddable":true,"href":"http:\/\/vphcheck.com\/index.php\/wp-json\/wp\/v2\/comments?post=1204"}],"wp:featuredmedia":[{"embeddable":true,"href":"http:\/\/vphcheck.com\/index.php\/wp-json\/wp\/v2\/media\/711"}],"wp:attachment":[{"href":"http:\/\/vphcheck.com\/index.php\/wp-json\/wp\/v2\/media?parent=1204"}],"curies":[{"name":"wp","href":"https:\/\/api.w.org\/{rel}","templated":true}]}}