{"id":1153,"date":"2023-08-23T12:55:45","date_gmt":"2023-08-23T12:55:45","guid":{"rendered":"http:\/\/vphcheck.com\/?post_type=product&#038;p=1153"},"modified":"2023-08-25T07:26:36","modified_gmt":"2023-08-25T07:26:36","slug":"sam-ngoc-linh-cong-ty-tnhh-sam-sam","status":"publish","type":"product","link":"http:\/\/vphcheck.com\/index.php\/san-pham\/sam-ngoc-linh-cong-ty-tnhh-sam-sam\/","title":{"rendered":"S\u00e2m Ng\u1ecdc Linh &#8211; C\u00f4ng ty TNHH S\u00e2m S\u00e2m"},"content":{"rendered":"<p><center><b><font color=red>S\u00e2m Ng\u1ecdc Linh (danh ph\u00e1p khoa h\u1ecdc: Panax vietnamensis)<\/font><\/b> l\u00e0 m\u1ed9t lo\u00e0i c\u00e2y thu\u1ed9c h\u1ecd Cam t\u00f9ng (Araliaceae), c\u00f2n g\u1ecdi l\u00e0 s\u00e2m Vi\u1ec7t Nam, s\u00e2m Khu N\u0103m (s\u00e2m K5), s\u00e2m tr\u00fac (s\u00e2m \u0111\u1ed1t tr\u00fac, tr\u00fac ti\u1ebft nh\u00e2n s\u00e2m) c\u1ee7 ng\u1ea3i r\u1ecdm con hay c\u00e2y thu\u1ed1c gi\u1ea5u, l\u00e0 lo\u1ea1i s\u00e2m qu\u00fd \u0111\u01b0\u1ee3c t\u00ecm th\u1ea5y t\u1ea1i mi\u1ec1n Trung Trung B\u1ed9 Vi\u1ec7t Nam, m\u1ecdc t\u1eadp trung \u1edf c\u00e1c huy\u1ec7n mi\u1ec1n n\u00fai Ng\u1ecdc Linh thu\u1ed9c huy\u1ec7n \u0110\u0103k T\u00f4 t\u1ec9nh Kon Tum, huy\u1ec7n Nam Tr\u00e0 My t\u1ec9nh Qu\u1ea3ng Nam. Ngo\u00e0i Ng\u1ecdc Linh, s\u00e2m c\u00f2n ph\u00e2n b\u1ed1 t\u1ea1i n\u00fai Ng\u1ecdc Lum Heo thu\u1ed9c x\u00e3 Ph\u01b0\u1edbc L\u1ed9c, huy\u1ec7n Ph\u01b0\u1edbc S\u01a1n v\u00e0 c\u00f2n c\u00f3 th\u1ec3 c\u00f3 \u1edf \u0111\u1ec9nh Ng\u1ecdc Am t\u1ec9nh Qu\u1ea3ng Nam theo nh\u1eefng k\u1ebft qu\u1ea3 \u0111i\u1ec1u tra m\u1edbi nh\u1ea5t. Tr\u00ean \u0111\u1ed9 cao 1.200 \u0111\u1ebfn 2.100m, s\u00e2m Ng\u1ecdc Linh m\u1ecdc d\u00e0y th\u00e0nh \u0111\u00e1m d\u01b0\u1edbi t\u00e1n r\u1eebng d\u1ecdc theo c\u00e1c su\u1ed1i \u1ea9m tr\u00ean \u0111\u1ea5t nhi\u1ec1u m\u00f9n<\/center><\/b><\/font><\/p>\n<p><center><img decoding=\"async\" class=\"size-medium wp-image-219 aligncenter\" src=\"http:\/\/vphcheck.com\/wp-content\/uploads\/2018\/04\/sam-1-600x468.jpg\" alt=\"\" width=\"380\" height=\"auto\" srcset=\"http:\/\/vphcheck.com\/wp-content\/uploads\/2018\/04\/sam-1.jpg 600w, http:\/\/vphcheck.com\/wp-content\/uploads\/2018\/04\/sam-1-300x234.jpg 300w\" sizes=\"(max-width: 600px) 100vw, 600px\" \/><\/center><\/p>\n<p style=\"text-align: center;\">Hi\u0300nh s\u00e2m nu\u0301i Ngo\u0323c Linh h\u01a1n 100 tu\u00f4\u0309i<\/p>\n<p>S\u00e2m Ng\u1ecdc Linh ch\u1ee9a <strong>52<\/strong> h\u1ee3p ch\u1ea5t saponin nh\u01b0: Ginsenosid Rb1, Rd, Rg1, Majonosid R2\u2026Trong \u0111\u00f3, ch\u1ec9 c\u00f3 <strong>26<\/strong> saponin th\u01b0\u1eddng th\u1ea5y \u1edf s\u00e2m Tri\u1ec1u Ti\u00ean, s\u00e2m M\u1ef9 v\u00e0 s\u00e2m Nh\u1eadt&#8230; v\u00e0 <strong>26<\/strong> saponin m\u1edbi ch\u1ec9 c\u00f3 trong S\u00e2m Ng\u1ecdc Linh <em>(\u0111i\u00ea\u0309m kha\u0301c bi\u00ea\u0323t so v\u01a1\u0301i s\u00e2m n\u00f4\u0309i ti\u00ea\u0301ng tr\u00ean th\u00ea\u0301 gi\u01a1\u0301i).<\/em><\/p>\n<p>Ngo\u00e0i ra, S\u00e2m Ng\u1ecdc Linh c\u00f2n ch\u1ee9a c\u00e1c h\u1ee3p ch\u1ea5t c\u00f3 gi\u00e1 tr\u1ecb kh\u00e1c nh\u01b0: Polyacetylene, acid b\u00e9o, tinh d\u1ea7u, acid amin v\u00e0 c\u00e1c nguy\u00ean t\u1ed1 vi l\u01b0\u1ee3ng c\u00f3 gi\u00e1 tr\u1ecb sinh h\u1ecdc nh\u01b0: K, Na,Ca, Mg, Fe, Mn, Cu, Co&#8230;.<br \/>\n<strong><em>C\u00f4ng d\u1ee5ng: <\/em><\/strong><\/p>\n<p>T\u0103ng s\u1ee9c \u0111\u1ec1 kh\u00e1ng, ch\u1ed1ng suy nh\u01b0\u1ee3c c\u01a1 th\u1ec3, gi\u1ea3m m\u1ec7t m\u1ecfi trong lao \u0111\u1ed9ng, gi\u1ea3m Stress\u2026<\/p>\n<p>N\u00e2ng cao huy\u1ebft \u00e1p cho ng\u01b0\u1eddi huy\u1ebft \u00e1p th\u1ea5p.<\/p>\n<p>H\u1ed7 tr\u1ee3 \u0111i\u1ec1u tr\u1ecb vi\u00eam h\u1ecdng, t\u0103ng t\u00e1c d\u1ee5ng c\u1ee7a thu\u1ed1c \u0111i\u1ec1u tr\u1ecb b\u1ec7nh ti\u1ec3u \u0111\u01b0\u1eddng v\u00e0 h\u1ed7 tr\u1ee3 \u0111i\u1ec1u tr\u1ecb b\u1ec7nh ung th\u01b0.<\/p>\n<p style=\"text-align: center;\"><img decoding=\"async\" class=\"aligncenter wp-image-221\" src=\"http:\/\/vphcheck.com\/wp-content\/uploads\/2018\/04\/sam-3-1024x768.jpg\" alt=\"\" width=\"380\" height=\"auto\" srcset=\"http:\/\/vphcheck.com\/wp-content\/uploads\/2018\/04\/sam-3-1024x768.jpg 1024w, http:\/\/vphcheck.com\/wp-content\/uploads\/2018\/04\/sam-3-300x225.jpg 300w, http:\/\/vphcheck.com\/wp-content\/uploads\/2018\/04\/sam-3-768x576.jpg 768w, http:\/\/vphcheck.com\/wp-content\/uploads\/2018\/04\/sam-3.jpg 1305w\" sizes=\"(max-width: 1024px) 100vw, 1024px\" \/><\/p>\n<p><strong><em>Ca\u0301c sa\u0309n ph\u00e2\u0309m t\u01b0\u0300 S\u00e2m Ngo\u0323c Linh:<\/em><\/strong><\/p>\n<p>S\u00e2m cu\u0309 t\u01b0\u01a1i, s\u00e2m c\u1ee7 kh\u00f4;\u00a0s\u00e2m l\u00e1t;\u00a0s\u00e2m\u00a0t\u1ea9m m\u1eadt ong; cao s\u00e2m; d\u1ecbch s\u00e2m; tinh ch\u1ea5t s\u00e2m\u00a0;\u00a0n\u01b0\u1edbc c\u1ed1t s\u00e2m;\u00a0s\u00e2m chi\u1ebft xu\u1ea5t d\u1ea1ng n\u01b0\u1edbc; s\u00e2m chi\u1ebft xu\u1ea5t d\u1ea1ng b\u1ed9t, d\u1ea1ng vi\u00ean;\u00a0vi\u00ean nang s\u00e2m;\u00a0vi\u00ean cao s\u00e2m; vi\u00eam s\u00e2m nhung linh chi (tinh ch\u1ea5t nh\u00e2n s\u00e2m, nhung h\u01b0\u01a1u, n\u1ea5m linh chi ); k\u1eb9o\u00a0s\u00e2m; tr\u00e0 (ch\u00e8) s\u00e2m; n\u01b0\u1edbc u\u1ed1ng; n\u01b0\u1edbc u\u1ed1ng t\u0103ng l\u1ef1c; canh (g\u00e0, th\u1ecbt,\u2026) h\u1ea7m s\u00e2m; s\u1eefa s\u00e2m; r\u01b0\u1ee3u s\u00e2m (c\u1ee7, l\u00e1, th\u00e2n); N\u01b0\u1edbc hoa s\u00e2m; kem d\u01b0\u1ee1ng da; s\u1eefa r\u1eeda m\u1eb7t s\u00e2m; m\u1eb7t n\u1ea1; s\u1eefa t\u1eafm; gel s\u00e2m;\u00a0d\u1ea7u g\u1ed9i; d\u1ea7u x\u1ea3; d\u1ea7u d\u01b0\u1ee1ng t\u00f3c;\u2026<br \/> <br \/>\n<center><br \/>\n<img decoding=\"async\" class=\" wp-image-220 aligncenter\" src=\"https:\/\/quantri.kontum.gov.vn\/\/\/_layouts\/LacVietBIO\/fckUploadKonTum_Tinh\/Dat%20va%20nguoi%20KT\/Samngoclinh1.jpg\" alt=\"\" width=\"370\" height=\"auto\" \/><\/center><br \/>\n<center><b>TH\u00d4NG TIN LI\u00caN H\u1ec6<\/b><\/center><\/p>\n<ul>\nC\u00f4ng ty TNHH S\u00e2m S\u00e2m <\/p>\n<li>\u0110\u1ecba ch\u1ec9 tr\u1ee5 s\u1edf ch\u00ednh: Th\u00f4n 2, x\u00e3 Tr\u00e0 Linh, H. Nam Tr\u00e0 My, Qu\u1ea3ng Nam <\/li>\n<li>\u0110\u1ecba ch\u1ec9 nh\u00e0 m\u00e1y: L\u00f4 C6, KCN Tam Th\u0103ng, TP. Tam K\u1ef3, Qu\u1ea3ng Nam <\/li>\n<li>\u0110i\u1ec7n tho\u1ea1i: 02353699899<\/li>\n<li>Email: vnsamsam@gmail.com <\/li>\n<li>Khu v\u1ef1c canh t\u00e1c kho\u1ea3nh 6, ti\u1ec3u khu 886, th\u00f4n 2, x\u00e3 Tr\u00e0 Linh, huy\u1ec7n Nam Tr\u00e0 My, Qu\u1ea3ng Nam <\/li>\n<\/ul>\n","protected":false},"excerpt":{"rendered":"<p>S\u00e2m Ng\u1ecdc Linh (danh ph\u00e1p khoa h\u1ecdc: Panax vietnamensis) l\u00e0 m\u1ed9t lo\u00e0i c\u00e2y thu\u1ed9c h\u1ecd Cam t\u00f9ng (Araliaceae), c\u00f2n g\u1ecdi l\u00e0 s\u00e2m Vi\u1ec7t Nam, s\u00e2m Khu N\u0103m (s\u00e2m K5), s\u00e2m tr\u00fac (s\u00e2m \u0111\u1ed1t tr\u00fac, tr\u00fac ti\u1ebft nh\u00e2n s\u00e2m) c\u1ee7 ng\u1ea3i r\u1ecdm con hay c\u00e2y thu\u1ed1c gi\u1ea5u, l\u00e0 lo\u1ea1i s\u00e2m qu\u00fd \u0111\u01b0\u1ee3c t\u00ecm th\u1ea5y t\u1ea1i mi\u1ec1n [&hellip;]<\/p>\n","protected":false},"featured_media":179,"comment_status":"open","ping_status":"closed","template":"","meta":[],"_links":{"self":[{"href":"http:\/\/vphcheck.com\/index.php\/wp-json\/wp\/v2\/product\/1153"}],"collection":[{"href":"http:\/\/vphcheck.com\/index.php\/wp-json\/wp\/v2\/product"}],"about":[{"href":"http:\/\/vphcheck.com\/index.php\/wp-json\/wp\/v2\/types\/product"}],"replies":[{"embeddable":true,"href":"http:\/\/vphcheck.com\/index.php\/wp-json\/wp\/v2\/comments?post=1153"}],"wp:featuredmedia":[{"embeddable":true,"href":"http:\/\/vphcheck.com\/index.php\/wp-json\/wp\/v2\/media\/179"}],"wp:attachment":[{"href":"http:\/\/vphcheck.com\/index.php\/wp-json\/wp\/v2\/media?parent=1153"}],"curies":[{"name":"wp","href":"https:\/\/api.w.org\/{rel}","templated":true}]}}